Last updated on 2024-07-18 01:55:33 CEST.
Flavor | Version | Tinstall | Tcheck | Ttotal | Status | Flags |
---|---|---|---|---|---|---|
r-devel-linux-x86_64-debian-clang | 0.2-2 | 5.49 | 48.47 | 53.96 | NOTE | |
r-devel-linux-x86_64-debian-gcc | 0.2-2 | 4.57 | 36.81 | 41.38 | NOTE | |
r-devel-linux-x86_64-fedora-clang | 0.2-2 | 71.43 | NOTE | |||
r-devel-linux-x86_64-fedora-gcc | 0.2-2 | 66.30 | NOTE | |||
r-devel-windows-x86_64 | 0.2-2 | 5.00 | 56.00 | 61.00 | NOTE | |
r-patched-linux-x86_64 | 0.2-2 | 4.66 | 46.72 | 51.38 | NOTE | |
r-release-linux-x86_64 | 0.2-2 | 5.38 | 48.22 | 53.60 | NOTE | |
r-release-macos-arm64 | 0.2-2 | 21.00 | NOTE | |||
r-release-macos-x86_64 | 0.2-2 | 35.00 | NOTE | |||
r-release-windows-x86_64 | 0.2-2 | 6.00 | 53.00 | 59.00 | NOTE | |
r-oldrel-macos-arm64 | 0.2-2 | 23.00 | NOTE | |||
r-oldrel-macos-x86_64 | 0.2-2 | 35.00 | NOTE | |||
r-oldrel-windows-x86_64 | 0.2-2 | 6.00 | 62.00 | 68.00 | NOTE |
Version: 0.2-2
Check: package dependencies
Result: NOTE
Package which this enhances but not available for checking: ‘HadoopStreaming’
Flavors: r-devel-linux-x86_64-debian-clang, r-devel-linux-x86_64-debian-gcc, r-devel-linux-x86_64-fedora-clang, r-devel-linux-x86_64-fedora-gcc, r-devel-windows-x86_64, r-patched-linux-x86_64, r-release-linux-x86_64, r-release-macos-arm64, r-release-macos-x86_64, r-release-windows-x86_64, r-oldrel-macos-arm64, r-oldrel-macos-x86_64, r-oldrel-windows-x86_64