Last updated on 2024-06-14 13:56:21 CEST.
Flavor | Version | Tinstall | Tcheck | Ttotal | Status | Flags |
---|---|---|---|---|---|---|
r-devel-linux-x86_64-debian-clang | 1.1.5 | 45.43 | 37.18 | 82.61 | OK | |
r-devel-linux-x86_64-debian-gcc | 1.1.5 | 43.39 | 27.83 | 71.22 | OK | |
r-devel-linux-x86_64-fedora-clang | 1.1.5 | 118.60 | OK | |||
r-devel-linux-x86_64-fedora-gcc | 1.1.5 | 134.03 | OK | |||
r-devel-windows-x86_64 | 1.1.5 | 40.00 | 67.00 | 107.00 | OK | |
r-patched-linux-x86_64 | 1.1.5 | 54.77 | 35.72 | 90.49 | OK | |
r-release-linux-x86_64 | 1.1.5 | 48.71 | 36.26 | 84.97 | OK | |
r-release-macos-arm64 | 1.1.5 | 27.00 | NOTE | |||
r-release-macos-x86_64 | 1.1.5 | 50.00 | NOTE | |||
r-release-windows-x86_64 | 1.1.5 | 39.00 | 74.00 | 113.00 | OK | |
r-oldrel-macos-arm64 | 1.1.5 | 38.00 | NOTE | |||
r-oldrel-macos-x86_64 | 1.1.5 | 77.00 | NOTE | |||
r-oldrel-windows-x86_64 | 1.1.5 | 51.00 | 82.00 | 133.00 | OK |
Version: 1.1.5
Check: installed package size
Result: NOTE
installed size is 5.2Mb
sub-directories of 1Mb or more:
libs 5.0Mb
Flavors: r-release-macos-arm64, r-release-macos-x86_64, r-oldrel-macos-arm64, r-oldrel-macos-x86_64