Last updated on 2024-07-18 01:55:33 CEST.
Flavor | Version | Tinstall | Tcheck | Ttotal | Status | Flags |
---|---|---|---|---|---|---|
r-devel-linux-x86_64-debian-clang | 1.0-0 | 5.24 | 59.57 | 64.81 | NOTE | |
r-devel-linux-x86_64-debian-gcc | 1.0-0 | 3.49 | 44.65 | 48.14 | NOTE | |
r-devel-linux-x86_64-fedora-clang | 1.0-0 | 79.52 | NOTE | |||
r-devel-linux-x86_64-fedora-gcc | 1.0-0 | 74.92 | NOTE | |||
r-devel-windows-x86_64 | 1.0-0 | 5.00 | 77.00 | 82.00 | NOTE | |
r-patched-linux-x86_64 | 1.0-0 | 5.12 | 58.37 | 63.49 | NOTE | |
r-release-linux-x86_64 | 1.0-0 | 5.03 | 56.82 | 61.85 | NOTE | |
r-release-macos-arm64 | 1.0-0 | 26.00 | NOTE | |||
r-release-macos-x86_64 | 1.0-0 | 43.00 | NOTE | |||
r-release-windows-x86_64 | 1.0-0 | 6.00 | 71.00 | 77.00 | NOTE | |
r-oldrel-macos-arm64 | 1.0-0 | 29.00 | NOTE | |||
r-oldrel-macos-x86_64 | 1.0-0 | 44.00 | NOTE | |||
r-oldrel-windows-x86_64 | 1.0-0 | 6.00 | 78.00 | 84.00 | NOTE |
Version: 1.0-0
Check: Rd files
Result: NOTE
checkRd: (-1) disc42.Rd:28: Escaped LaTeX specials: \&
checkRd: (-1) discrimination.Rd:31: Escaped LaTeX specials: \&
Flavors: r-devel-linux-x86_64-debian-clang, r-devel-linux-x86_64-debian-gcc, r-devel-linux-x86_64-fedora-clang, r-devel-linux-x86_64-fedora-gcc, r-devel-windows-x86_64, r-patched-linux-x86_64, r-release-linux-x86_64, r-release-macos-arm64, r-release-macos-x86_64, r-release-windows-x86_64, r-oldrel-macos-arm64, r-oldrel-macos-x86_64, r-oldrel-windows-x86_64