Last updated on 2025-07-08 13:49:11 CEST.
Flavor | Version | Tinstall | Tcheck | Ttotal | Status | Flags |
---|---|---|---|---|---|---|
r-devel-linux-x86_64-debian-clang | 1.0-0.1 | 4.37 | 53.37 | 57.74 | NOTE | |
r-devel-linux-x86_64-debian-gcc | 1.0-0.1 | 3.38 | 39.14 | 42.52 | NOTE | |
r-devel-linux-x86_64-fedora-clang | 1.0-0.1 | 84.62 | OK | |||
r-devel-linux-x86_64-fedora-gcc | 1.0-0.1 | 82.93 | OK | |||
r-devel-windows-x86_64 | 1.0-0.1 | 5.00 | 73.00 | 78.00 | OK | |
r-patched-linux-x86_64 | 1.0-0.1 | 4.27 | 50.36 | 54.63 | OK | |
r-release-linux-x86_64 | 1.0-0.1 | 4.05 | 49.56 | 53.61 | OK | |
r-release-macos-arm64 | 1.0-0.1 | 24.00 | OK | |||
r-release-macos-x86_64 | 1.0-0.1 | 54.00 | OK | |||
r-release-windows-x86_64 | 1.0-0.1 | 8.00 | 77.00 | 85.00 | OK | |
r-oldrel-macos-arm64 | 1.0-0.1 | 32.00 | OK | |||
r-oldrel-macos-x86_64 | 1.0-0.1 | 54.00 | OK | |||
r-oldrel-windows-x86_64 | 1.0-0.1 | 8.00 | 86.00 | 94.00 | OK |
Version: 1.0-0.1
Check: CRAN incoming feasibility
Result: NOTE
Maintainer: ‘Ingmar Visser <i.visser@uva.nl>’
Package CITATION file contains call(s) to old-style personList() or
as.personList(). Please use c() on person objects instead.
Package CITATION file contains call(s) to old-style citEntry(). Please
use bibentry() instead.
Flavors: r-devel-linux-x86_64-debian-clang, r-devel-linux-x86_64-debian-gcc