Last updated on 2024-07-18 01:55:33 CEST.
Flavor | Version | Tinstall | Tcheck | Ttotal | Status | Flags |
---|---|---|---|---|---|---|
r-devel-linux-x86_64-debian-clang | 0.8.2 | 574.40 | 196.36 | 770.76 | OK | |
r-devel-linux-x86_64-debian-gcc | 0.8.2 | 500.50 | 180.68 | 681.18 | OK | |
r-devel-linux-x86_64-fedora-clang | 0.8.2 | 955.94 | NOTE | |||
r-devel-linux-x86_64-fedora-gcc | 0.8.2 | 1258.28 | NOTE | |||
r-devel-windows-x86_64 | 0.8.2 | 438.00 | 230.00 | 668.00 | OK | |
r-patched-linux-x86_64 | 0.8.2 | 0.02 | 2.27 | 2.29 | ERROR | |
r-release-linux-x86_64 | 0.8.2 | 426.08 | 218.64 | 644.72 | OK | |
r-release-macos-arm64 | 0.8.2 | 227.00 | NOTE | |||
r-release-macos-x86_64 | 0.8.2 | 227.00 | NOTE | |||
r-release-windows-x86_64 | 0.8.2 | 442.00 | 240.00 | 682.00 | OK | |
r-oldrel-macos-arm64 | 0.8.2 | 212.00 | NOTE | |||
r-oldrel-macos-x86_64 | 0.8.2 | 263.00 | NOTE | |||
r-oldrel-windows-x86_64 | 0.8.2 | 575.00 | 297.00 | 872.00 | OK |
Version: 0.8.2
Check: installed package size
Result: NOTE
installed size is 5.2Mb
sub-directories of 1Mb or more:
libs 4.7Mb
Flavors: r-devel-linux-x86_64-fedora-clang, r-release-macos-arm64, r-release-macos-x86_64, r-oldrel-macos-arm64, r-oldrel-macos-x86_64
Version: 0.8.2
Check: for GNU extensions in Makefiles
Result: NOTE
GNU make is a SystemRequirements.
Flavors: r-devel-linux-x86_64-fedora-clang, r-devel-linux-x86_64-fedora-gcc, r-release-macos-arm64, r-release-macos-x86_64, r-oldrel-macos-arm64, r-oldrel-macos-x86_64
Version: 0.8.2
Check: whether package can be installed
Result: ERROR
Installation failed.
Flavor: r-patched-linux-x86_64