Last updated on 2024-08-16 12:49:10 CEST.
Flavor | Version | Tinstall | Tcheck | Ttotal | Status | Flags |
---|---|---|---|---|---|---|
r-devel-linux-x86_64-debian-clang | 2.3.1 | 28.72 | 562.53 | 591.25 | OK | |
r-devel-linux-x86_64-debian-gcc | 2.3.1 | 20.41 | 365.76 | 386.17 | OK | |
r-devel-linux-x86_64-fedora-clang | 2.3.1 | 961.88 | NOTE | |||
r-devel-linux-x86_64-fedora-gcc | 2.3.1 | 927.11 | OK | |||
r-devel-windows-x86_64 | 2.3.1 | 37.00 | 616.00 | 653.00 | NOTE | |
r-patched-linux-x86_64 | 2.3.1 | 32.35 | 529.24 | 561.59 | OK | |
r-release-linux-x86_64 | 2.3.1 | 27.03 | 540.58 | 567.61 | OK | |
r-release-macos-arm64 | 2.3.1 | 264.00 | NOTE | |||
r-release-macos-x86_64 | 2.3.1 | 459.00 | NOTE | |||
r-release-windows-x86_64 | 2.3.1 | 36.00 | 654.00 | 690.00 | NOTE | |
r-oldrel-macos-arm64 | 2.3.1 | 256.00 | NOTE | |||
r-oldrel-macos-x86_64 | 2.3.1 | 722.00 | NOTE | |||
r-oldrel-windows-x86_64 | 2.3.1 | 47.00 | 760.00 | 807.00 | NOTE |
Version: 2.3.1
Check: installed package size
Result: NOTE
installed size is 6.2Mb
sub-directories of 1Mb or more:
data 1.8Mb
doc 2.3Mb
help 1.1Mb
Flavors: r-devel-linux-x86_64-fedora-clang, r-devel-windows-x86_64, r-release-macos-arm64, r-release-macos-x86_64, r-release-windows-x86_64, r-oldrel-macos-arm64, r-oldrel-macos-x86_64, r-oldrel-windows-x86_64