Last updated on 2024-08-16 12:49:10 CEST.
Flavor | Version | Tinstall | Tcheck | Ttotal | Status | Flags |
---|---|---|---|---|---|---|
r-devel-linux-x86_64-debian-clang | 5.5.6 | 15.54 | 202.46 | 218.00 | OK | |
r-devel-linux-x86_64-debian-gcc | 5.5.6 | 8.84 | 138.13 | 146.97 | OK | |
r-devel-linux-x86_64-fedora-clang | 5.5.6 | 348.72 | NOTE | |||
r-devel-linux-x86_64-fedora-gcc | 5.5.6 | 360.22 | NOTE | |||
r-devel-windows-x86_64 | 5.5.6 | 17.00 | 242.00 | 259.00 | OK | |
r-patched-linux-x86_64 | 5.5.6 | 16.63 | 192.32 | 208.95 | OK | |
r-release-linux-x86_64 | 5.5.6 | 14.21 | 193.90 | 208.11 | OK | |
r-release-macos-arm64 | 5.5.6 | 94.00 | OK | |||
r-release-macos-x86_64 | 5.5.6 | 193.00 | OK | |||
r-release-windows-x86_64 | 5.5.6 | 17.00 | 255.00 | 272.00 | OK | |
r-oldrel-macos-arm64 | 5.5.6 | 89.00 | OK | |||
r-oldrel-macos-x86_64 | 5.5.6 | 175.00 | OK | |||
r-oldrel-windows-x86_64 | 5.5.6 | 20.00 | 304.00 | 324.00 | OK |
Version: 5.5.6
Check: dependencies in R code
Result: NOTE
Namespaces in Imports field not imported from:
‘R6’ ‘xml2’
All declared Imports should be used.
Flavors: r-devel-linux-x86_64-fedora-clang, r-devel-linux-x86_64-fedora-gcc