Last updated on 2024-08-16 12:49:10 CEST.
Flavor | Version | Tinstall | Tcheck | Ttotal | Status | Flags |
---|---|---|---|---|---|---|
r-devel-linux-x86_64-debian-clang | 1.4.6 | 11.91 | 108.17 | 120.08 | NOTE | |
r-devel-linux-x86_64-debian-gcc | 1.4.6 | 8.31 | 76.34 | 84.65 | NOTE | |
r-devel-linux-x86_64-fedora-clang | 1.4.6 | 186.93 | NOTE | |||
r-devel-linux-x86_64-fedora-gcc | 1.4.6 | 189.13 | NOTE | |||
r-devel-windows-x86_64 | 1.4.6 | 14.00 | 125.00 | 139.00 | NOTE | |
r-patched-linux-x86_64 | 1.4.6 | 12.22 | 100.64 | 112.86 | NOTE | |
r-release-linux-x86_64 | 1.4.6 | 9.18 | 100.54 | 109.72 | NOTE | |
r-release-macos-arm64 | 1.4.6 | 58.00 | NOTE | |||
r-release-macos-x86_64 | 1.4.6 | 97.00 | NOTE | |||
r-release-windows-x86_64 | 1.4.6 | 14.00 | 137.00 | 151.00 | NOTE | |
r-oldrel-macos-arm64 | 1.4.6 | 62.00 | OK | |||
r-oldrel-macos-x86_64 | 1.4.6 | 90.00 | OK | |||
r-oldrel-windows-x86_64 | 1.4.6 | 16.00 | 149.00 | 165.00 | OK |
Version: 1.4.6
Check: Rd files
Result: NOTE
checkRd: (-1) extractPeriod.Rd:57: Lost braces
57 | NOTE: all the dates in the datalist should follow the format in ?as.Date{base}.
| ^
Flavors: r-devel-linux-x86_64-debian-clang, r-devel-linux-x86_64-debian-gcc, r-devel-linux-x86_64-fedora-clang, r-devel-linux-x86_64-fedora-gcc, r-devel-windows-x86_64, r-patched-linux-x86_64, r-release-linux-x86_64, r-release-macos-arm64, r-release-macos-x86_64, r-release-windows-x86_64