Last updated on 2024-08-16 12:49:10 CEST.
Flavor | Version | Tinstall | Tcheck | Ttotal | Status | Flags |
---|---|---|---|---|---|---|
r-devel-linux-x86_64-debian-clang | 0.8.5 | 2.71 | 43.43 | 46.14 | OK | |
r-devel-linux-x86_64-debian-gcc | 0.8.5 | 2.12 | 30.64 | 32.76 | OK | |
r-devel-linux-x86_64-fedora-clang | 0.8.5 | 77.51 | NOTE | |||
r-devel-linux-x86_64-fedora-gcc | 0.8.5 | 87.71 | NOTE | |||
r-devel-windows-x86_64 | 0.8.5 | 5.00 | 71.00 | 76.00 | OK | |
r-patched-linux-x86_64 | 0.8.5 | 2.54 | 40.85 | 43.39 | OK | |
r-release-linux-x86_64 | 0.8.5 | 2.68 | 42.00 | 44.68 | OK | |
r-release-macos-arm64 | 0.8.5 | 28.00 | OK | |||
r-release-macos-x86_64 | 0.8.5 | 46.00 | OK | |||
r-release-windows-x86_64 | 0.8.5 | 5.00 | 267.00 | 272.00 | OK | |
r-oldrel-macos-arm64 | 0.8.5 | 34.00 | NOTE | |||
r-oldrel-macos-x86_64 | 0.8.5 | 84.00 | NOTE | |||
r-oldrel-windows-x86_64 | 0.8.5 | 5.00 | 70.00 | 75.00 | OK |
Version: 0.8.5
Check: package dependencies
Result: NOTE
Package suggested but not available for checking: ‘flowCore’
Flavors: r-devel-linux-x86_64-fedora-clang, r-devel-linux-x86_64-fedora-gcc, r-oldrel-macos-arm64, r-oldrel-macos-x86_64