Last updated on 2024-08-16 12:49:10 CEST.
Flavor | Version | Tinstall | Tcheck | Ttotal | Status | Flags |
---|---|---|---|---|---|---|
r-devel-linux-x86_64-debian-clang | 0.6.0 | 3.26 | 40.15 | 43.41 | OK | |
r-devel-linux-x86_64-debian-gcc | 0.6.0 | 2.71 | 29.45 | 32.16 | OK | |
r-devel-linux-x86_64-fedora-clang | 0.6.0 | 67.69 | NOTE | |||
r-devel-linux-x86_64-fedora-gcc | 0.6.0 | 64.04 | NOTE | |||
r-devel-windows-x86_64 | 0.6.0 | 5.00 | 62.00 | 67.00 | OK | |
r-patched-linux-x86_64 | 0.6.0 | 3.42 | 38.01 | 41.43 | OK | |
r-release-linux-x86_64 | 0.6.0 | 3.17 | 38.56 | 41.73 | OK | |
r-release-macos-arm64 | 0.6.0 | 25.00 | OK | |||
r-release-macos-x86_64 | 0.6.0 | 38.00 | OK | |||
r-release-windows-x86_64 | 0.6.0 | 6.00 | 74.00 | 80.00 | OK | |
r-oldrel-macos-arm64 | 0.6.0 | 31.00 | OK | |||
r-oldrel-macos-x86_64 | 0.6.0 | 50.00 | OK | |||
r-oldrel-windows-x86_64 | 0.6.0 | 6.00 | 71.00 | 77.00 | OK |
Version: 0.6.0
Check: data for non-ASCII characters
Result: NOTE
Note: found 1 marked UTF-8 string
Flavors: r-devel-linux-x86_64-fedora-clang, r-devel-linux-x86_64-fedora-gcc