Last updated on 2024-07-18 01:55:33 CEST.
Flavor | Version | Tinstall | Tcheck | Ttotal | Status | Flags |
---|---|---|---|---|---|---|
r-devel-linux-x86_64-debian-clang | 1.2.0 | 34.76 | 79.45 | 114.21 | NOTE | |
r-devel-linux-x86_64-debian-gcc | 1.2.0 | 27.79 | 60.12 | 87.91 | NOTE | |
r-devel-linux-x86_64-fedora-clang | 1.2.0 | 164.07 | NOTE | |||
r-devel-linux-x86_64-fedora-gcc | 1.2.0 | 149.97 | NOTE | |||
r-devel-windows-x86_64 | 1.2.0 | 31.00 | 93.00 | 124.00 | NOTE | |
r-patched-linux-x86_64 | 1.2.0 | 29.86 | 77.35 | 107.21 | NOTE | |
r-release-linux-x86_64 | 1.2.0 | 32.30 | 74.98 | 107.28 | NOTE | |
r-release-macos-arm64 | 1.2.0 | 44.00 | NOTE | |||
r-release-macos-x86_64 | 1.2.0 | 58.00 | NOTE | |||
r-release-windows-x86_64 | 1.2.0 | 32.00 | 88.00 | 120.00 | NOTE | |
r-oldrel-macos-arm64 | 1.2.0 | 47.00 | NOTE | |||
r-oldrel-macos-x86_64 | 1.2.0 | 74.00 | NOTE | |||
r-oldrel-windows-x86_64 | 1.2.0 | 39.00 | 110.00 | 149.00 | NOTE |
Version: 1.2.0
Check: C++ specification
Result: NOTE
Specified C++11: please drop specification unless essential
Flavors: r-devel-linux-x86_64-debian-clang, r-devel-linux-x86_64-debian-gcc, r-devel-linux-x86_64-fedora-clang, r-devel-linux-x86_64-fedora-gcc, r-devel-windows-x86_64, r-patched-linux-x86_64, r-release-linux-x86_64, r-release-macos-arm64, r-release-macos-x86_64, r-release-windows-x86_64, r-oldrel-macos-arm64, r-oldrel-macos-x86_64, r-oldrel-windows-x86_64