Last updated on 2024-07-18 01:55:33 CEST.
Flavor | Version | Tinstall | Tcheck | Ttotal | Status | Flags |
---|---|---|---|---|---|---|
r-devel-linux-x86_64-debian-clang | 0.9-9 | 10.45 | 82.25 | 92.70 | NOTE | |
r-devel-linux-x86_64-debian-gcc | 0.9-9 | 8.28 | 60.40 | 68.68 | NOTE | |
r-devel-linux-x86_64-fedora-clang | 0.9-9 | 117.11 | NOTE | |||
r-devel-linux-x86_64-fedora-gcc | 0.9-9 | 103.58 | NOTE | |||
r-devel-windows-x86_64 | 0.9-9 | 9.00 | 76.00 | 85.00 | NOTE | |
r-patched-linux-x86_64 | 0.9-9 | 9.84 | 78.07 | 87.91 | NOTE | |
r-release-linux-x86_64 | 0.9-9 | 7.25 | 77.19 | 84.44 | NOTE | |
r-release-macos-arm64 | 0.9-9 | 37.00 | NOTE | |||
r-release-macos-x86_64 | 0.9-9 | 49.00 | NOTE | |||
r-release-windows-x86_64 | 0.9-9 | 8.00 | 76.00 | 84.00 | NOTE | |
r-oldrel-macos-arm64 | 0.9-9 | 37.00 | NOTE | |||
r-oldrel-macos-x86_64 | 0.9-9 | 59.00 | NOTE | |||
r-oldrel-windows-x86_64 | 0.9-9 | 12.00 | 88.00 | 100.00 | NOTE |
Version: 0.9-9
Check: Rd files
Result: NOTE
checkRd: (-1) school23.Rd:30: Escaped LaTeX specials: \&
checkRd: (-1) school23.Rd:35: Escaped LaTeX specials: \&
Flavors: r-devel-linux-x86_64-debian-clang, r-devel-linux-x86_64-debian-gcc, r-devel-linux-x86_64-fedora-clang, r-devel-linux-x86_64-fedora-gcc, r-devel-windows-x86_64, r-patched-linux-x86_64, r-release-linux-x86_64, r-release-macos-arm64, r-release-macos-x86_64, r-release-windows-x86_64, r-oldrel-macos-arm64, r-oldrel-macos-x86_64, r-oldrel-windows-x86_64