Last updated on 2024-08-16 12:49:11 CEST.
Flavor | Version | Tinstall | Tcheck | Ttotal | Status | Flags |
---|---|---|---|---|---|---|
r-devel-linux-x86_64-debian-clang | 1.2.0 | 9.09 | 246.60 | 255.69 | OK | |
r-devel-linux-x86_64-debian-gcc | 1.2.0 | 5.47 | 168.87 | 174.34 | OK | |
r-devel-linux-x86_64-fedora-clang | 1.2.0 | 405.65 | NOTE | |||
r-devel-linux-x86_64-fedora-gcc | 1.2.0 | 416.78 | NOTE | |||
r-devel-windows-x86_64 | 1.2.0 | 11.00 | 213.00 | 224.00 | OK | |
r-patched-linux-x86_64 | 1.2.0 | 9.77 | 229.39 | 239.16 | OK | |
r-release-linux-x86_64 | 1.2.0 | 9.22 | 228.61 | 237.83 | OK | |
r-release-macos-arm64 | 1.2.0 | 115.00 | OK | |||
r-release-macos-x86_64 | 1.2.0 | 347.00 | OK | |||
r-release-windows-x86_64 | 1.2.0 | 12.00 | 219.00 | 231.00 | OK | |
r-oldrel-macos-arm64 | 1.2.0 | 138.00 | OK | |||
r-oldrel-macos-x86_64 | 1.2.0 | 294.00 | OK | |||
r-oldrel-windows-x86_64 | 1.2.0 | 13.00 | 285.00 | 298.00 | OK |
Version: 1.2.0
Check: dependencies in R code
Result: NOTE
Namespace in Imports field not imported from: ‘broom’
All declared Imports should be used.
Flavors: r-devel-linux-x86_64-fedora-clang, r-devel-linux-x86_64-fedora-gcc
Version: 1.2.0
Check: Rd cross-references
Result: NOTE
Undeclared packages ‘quantreg’, ‘Hmisc’ in Rd xrefs
Flavor: r-devel-linux-x86_64-fedora-clang