Last updated on 2024-07-18 01:55:33 CEST.
Flavor | Version | Tinstall | Tcheck | Ttotal | Status | Flags |
---|---|---|---|---|---|---|
r-devel-linux-x86_64-debian-clang | 1.1-1.0 | 9.02 | 100.67 | 109.69 | NOTE | |
r-devel-linux-x86_64-debian-gcc | 1.1-1.0 | 8.27 | 73.45 | 81.72 | NOTE | |
r-devel-linux-x86_64-fedora-clang | 1.1-1.0 | 139.12 | NOTE | |||
r-devel-linux-x86_64-fedora-gcc | 1.1-1.0 | 142.05 | NOTE | |||
r-devel-windows-x86_64 | 1.1-1.0 | 8.00 | 111.00 | 119.00 | NOTE | |
r-patched-linux-x86_64 | 1.1-1.0 | 8.43 | 94.91 | 103.34 | NOTE | |
r-release-linux-x86_64 | 1.1-1.0 | 10.26 | 95.25 | 105.51 | NOTE | |
r-release-macos-arm64 | 1.1-1.0 | 44.00 | NOTE | |||
r-release-macos-x86_64 | 1.1-1.0 | 70.00 | NOTE | |||
r-release-windows-x86_64 | 1.1-1.0 | 9.00 | 111.00 | 120.00 | NOTE | |
r-oldrel-macos-arm64 | 1.1-1.0 | 51.00 | OK | |||
r-oldrel-macos-x86_64 | 1.1-1.0 | 131.00 | OK | |||
r-oldrel-windows-x86_64 | 1.1-1.0 | 11.00 | 114.00 | 125.00 | OK |
Version: 1.1-1.0
Check: Rd files
Result: NOTE
checkRd: (-1) interval-internal.Rd:40: Lost braces
40 | \item{dqfunc}{function, density of the results of the quantile function, e.g., function(x){dnorm(qnorm(x))} (used for 'general' scores,
| ^
Flavors: r-devel-linux-x86_64-debian-clang, r-devel-linux-x86_64-debian-gcc, r-devel-linux-x86_64-fedora-clang, r-devel-linux-x86_64-fedora-gcc, r-devel-windows-x86_64, r-patched-linux-x86_64, r-release-linux-x86_64, r-release-macos-arm64, r-release-macos-x86_64, r-release-windows-x86_64