Last updated on 2025-07-04 00:50:06 CEST.
Flavor | Version | Tinstall | Tcheck | Ttotal | Status | Flags |
---|---|---|---|---|---|---|
r-devel-linux-x86_64-debian-clang | 1.0.0 | 20.42 | 28.86 | 49.28 | NOTE | |
r-devel-linux-x86_64-debian-gcc | 1.0.0 | 16.92 | 22.56 | 39.48 | NOTE | |
r-devel-linux-x86_64-fedora-clang | 1.0.0 | 87.18 | OK | |||
r-devel-linux-x86_64-fedora-gcc | 1.0.0 | 82.68 | OK | |||
r-devel-windows-x86_64 | 1.0.0 | 25.00 | 67.00 | 92.00 | OK | |
r-patched-linux-x86_64 | 1.0.0 | 23.23 | 26.09 | 49.32 | OK | |
r-release-linux-x86_64 | 1.0.0 | 23.37 | 26.09 | 49.46 | OK | |
r-release-macos-arm64 | 1.0.0 | 25.00 | OK | |||
r-release-macos-x86_64 | 1.0.0 | 46.00 | OK | |||
r-release-windows-x86_64 | 1.0.0 | 26.00 | 71.00 | 97.00 | OK | |
r-oldrel-macos-arm64 | 1.0.0 | 26.00 | OK | |||
r-oldrel-macos-x86_64 | 1.0.0 | 38.00 | OK | |||
r-oldrel-windows-x86_64 | 1.0.0 | 24.00 | 77.00 | 101.00 | OK |
Version: 1.0.0
Check: CRAN incoming feasibility
Result: NOTE
Maintainer: ‘Stéphane Laurent <laurent_step@outlook.fr>’
No Authors@R field in DESCRIPTION.
Please add one, modifying
Authors@R: person(given = "Stéphane",
family = "Laurent",
role = c("aut", "cre"),
email = "laurent_step@outlook.fr")
as necessary.
Flavors: r-devel-linux-x86_64-debian-clang, r-devel-linux-x86_64-debian-gcc