Last updated on 2024-07-18 01:55:33 CEST.
Flavor | Version | Tinstall | Tcheck | Ttotal | Status | Flags |
---|---|---|---|---|---|---|
r-devel-linux-x86_64-debian-clang | 1.1-6 | 7.11 | 70.60 | 77.71 | OK | |
r-devel-linux-x86_64-debian-gcc | 1.1-6 | 6.13 | 53.65 | 59.78 | OK | |
r-devel-linux-x86_64-fedora-clang | 1.1-6 | 96.06 | NOTE | |||
r-devel-linux-x86_64-fedora-gcc | 1.1-6 | 90.68 | NOTE | |||
r-devel-windows-x86_64 | 1.1-6 | 8.00 | 72.00 | 80.00 | OK | |
r-patched-linux-x86_64 | 1.1-6 | 8.55 | 67.44 | 75.99 | OK | |
r-release-linux-x86_64 | 1.1-6 | 7.70 | 68.07 | 75.77 | OK | |
r-release-macos-arm64 | 1.1-6 | 33.00 | OK | |||
r-release-macos-x86_64 | 1.1-6 | 50.00 | OK | |||
r-release-windows-x86_64 | 1.1-6 | 8.00 | 73.00 | 81.00 | OK | |
r-oldrel-macos-arm64 | 1.1-6 | 42.00 | OK | |||
r-oldrel-macos-x86_64 | 1.1-6 | 68.00 | OK | |||
r-oldrel-windows-x86_64 | 1.1-6 | 10.00 | 81.00 | 91.00 | OK |
Version: 1.1-6
Check: data for non-ASCII characters
Result: NOTE
Note: found 12106 marked UTF-8 strings
Flavors: r-devel-linux-x86_64-fedora-clang, r-devel-linux-x86_64-fedora-gcc