Last updated on 2024-07-18 01:55:33 CEST.
Flavor | Version | Tinstall | Tcheck | Ttotal | Status | Flags |
---|---|---|---|---|---|---|
r-devel-linux-x86_64-debian-clang | 0.3.4 | 13.36 | 82.92 | 96.28 | NOTE | |
r-devel-linux-x86_64-debian-gcc | 0.3.4 | 9.52 | 59.44 | 68.96 | NOTE | |
r-devel-linux-x86_64-fedora-clang | 0.3.4 | 122.35 | NOTE | |||
r-devel-linux-x86_64-fedora-gcc | 0.3.4 | 110.51 | NOTE | |||
r-devel-windows-x86_64 | 0.3.4 | 11.00 | 77.00 | 88.00 | NOTE | |
r-patched-linux-x86_64 | 0.3.4 | 13.06 | 78.93 | 91.99 | NOTE | |
r-release-linux-x86_64 | 0.3.4 | 11.42 | 77.90 | 89.32 | NOTE | |
r-release-macos-arm64 | 0.3.4 | 44.00 | NOTE | |||
r-release-macos-x86_64 | 0.3.4 | 56.00 | NOTE | |||
r-release-windows-x86_64 | 0.3.4 | 10.00 | 78.00 | 88.00 | NOTE | |
r-oldrel-macos-arm64 | 0.3.4 | 37.00 | OK | |||
r-oldrel-macos-x86_64 | 0.3.4 | 56.00 | OK | |||
r-oldrel-windows-x86_64 | 0.3.4 | 13.00 | 85.00 | 98.00 | OK |
Version: 0.3.4
Check: Rd files
Result: NOTE
checkRd: (-1) f.influence.Rd:25: Lost braces; missing escapes or markup?
25 | where F is the field of influence, k is order of influence, l_{ij} is the ith row and jth column element of the Leontief Inverse and -s indicates the sth element has been removed.
| ^
Flavors: r-devel-linux-x86_64-debian-clang, r-devel-linux-x86_64-debian-gcc, r-devel-linux-x86_64-fedora-clang, r-devel-linux-x86_64-fedora-gcc, r-devel-windows-x86_64, r-patched-linux-x86_64, r-release-linux-x86_64, r-release-macos-arm64, r-release-macos-x86_64, r-release-windows-x86_64