Last updated on 2025-07-04 12:49:03 CEST.
Flavor | Version | Tinstall | Tcheck | Ttotal | Status | Flags |
---|---|---|---|---|---|---|
r-devel-linux-x86_64-debian-clang | 1.3.17 | 2.97 | 52.15 | 55.12 | OK | |
r-devel-linux-x86_64-debian-gcc | 1.3.17 | 2.71 | 37.17 | 39.88 | ERROR | |
r-devel-linux-x86_64-fedora-clang | 1.3.17 | 84.78 | OK | |||
r-devel-linux-x86_64-fedora-gcc | 1.3.17 | 71.12 | OK | |||
r-devel-windows-x86_64 | 1.3.17 | 6.00 | 71.00 | 77.00 | OK | |
r-patched-linux-x86_64 | 1.3.17 | 3.62 | 47.40 | 51.02 | OK | |
r-release-linux-x86_64 | 1.3.17 | 3.08 | 47.38 | 50.46 | OK | |
r-release-macos-arm64 | 1.3.17 | 25.00 | OK | |||
r-release-macos-x86_64 | 1.3.17 | 47.00 | OK | |||
r-release-windows-x86_64 | 1.3.17 | 6.00 | 72.00 | 78.00 | OK | |
r-oldrel-macos-arm64 | 1.3.17 | 26.00 | NOTE | |||
r-oldrel-macos-x86_64 | 1.3.17 | 45.00 | NOTE | |||
r-oldrel-windows-x86_64 | 1.3.17 | 8.00 | 89.00 | 97.00 | OK |
Version: 1.3.17
Check: tests
Result: ERROR
Running ‘testthat.R’ [10s/12s]
Running the tests in ‘tests/testthat.R’ failed.
Complete output:
> library(testthat)
> library(jackstraw)
>
> test_check("jackstraw")
[ FAIL 1 | WARN 0 | SKIP 0 | PASS 1129 ]
══ Failed tests ════════════════════════════════════════════════════════════════
── Failure ('test-jackstraw.R:1166:13'): jackstraw_lfa works with BEDMatrix ────
!anyNA(p) is not TRUE
`actual`: FALSE
`expected`: TRUE
Backtrace:
▆
1. └─jackstraw (local) test_jackstraw_return_val(obj, s, B) at test-jackstraw.R:1166:13
2. └─testthat::expect_true(!anyNA(p)) at test-jackstraw.R:349:5
[ FAIL 1 | WARN 0 | SKIP 0 | PASS 1129 ]
Error: Test failures
Execution halted
Flavor: r-devel-linux-x86_64-debian-gcc
Version: 1.3.17
Check: package dependencies
Result: NOTE
Packages suggested but not available for checking: 'lfa', 'gcatest'
Flavors: r-oldrel-macos-arm64, r-oldrel-macos-x86_64