Last updated on 2024-08-16 12:49:11 CEST.
Flavor | Version | Tinstall | Tcheck | Ttotal | Status | Flags |
---|---|---|---|---|---|---|
r-devel-linux-x86_64-debian-clang | 1.2.0 | 10.17 | 267.46 | 277.63 | NOTE | |
r-devel-linux-x86_64-debian-gcc | 1.2.0 | 6.44 | 182.23 | 188.67 | NOTE | |
r-devel-linux-x86_64-fedora-clang | 1.2.0 | 450.81 | OK | |||
r-devel-linux-x86_64-fedora-gcc | 1.2.0 | 458.10 | OK | |||
r-devel-windows-x86_64 | 1.2.0 | 11.00 | 323.00 | 334.00 | NOTE | |
r-patched-linux-x86_64 | 1.2.0 | 13.41 | 274.99 | 288.40 | OK | |
r-release-linux-x86_64 | 1.2.0 | 8.59 | 271.34 | 279.93 | OK | |
r-release-macos-arm64 | 1.2.0 | 170.00 | OK | |||
r-release-macos-x86_64 | 1.2.0 | 308.00 | OK | |||
r-release-windows-x86_64 | 1.2.0 | 12.00 | 515.00 | 527.00 | OK | |
r-oldrel-macos-arm64 | 1.2.0 | 152.00 | OK | |||
r-oldrel-macos-x86_64 | 1.2.0 | 426.00 | OK | |||
r-oldrel-windows-x86_64 | 1.2.0 | 9.00 | 308.00 | 317.00 | OK |
Version: 1.2.0
Check: Rd cross-references
Result: NOTE
Found the following Rd file(s) with Rd \link{} targets missing package
anchors:
fit_model.Rd: Dirichlet
Please provide package anchors for all Rd \link{} targets not in the
package itself and the base packages.
Flavors: r-devel-linux-x86_64-debian-clang, r-devel-linux-x86_64-debian-gcc, r-devel-windows-x86_64