CRAN Package Check Results for Package kmi

Last updated on 2025-11-15 01:50:30 CET.

Flavor Version Tinstall Tcheck Ttotal Status Flags
r-devel-linux-x86_64-debian-clang 0.5.5 7.20 72.54 79.74 NOTE
r-devel-linux-x86_64-debian-gcc 0.5.5 5.68 53.12 58.80 NOTE
r-devel-linux-x86_64-fedora-clang 0.5.5 29.00 99.90 128.90 OK
r-devel-linux-x86_64-fedora-gcc 0.5.5 17.00 93.08 110.08 OK
r-devel-windows-x86_64 0.5.5 10.00 89.00 99.00 OK
r-patched-linux-x86_64 0.5.5 7.04 69.22 76.26 OK
r-release-linux-x86_64 0.5.5 6.97 69.65 76.62 OK
r-release-macos-arm64 0.5.5 3.00 36.00 39.00 OK
r-release-macos-x86_64 0.5.5 10.00 73.00 83.00 OK
r-release-windows-x86_64 0.5.5 8.00 83.00 91.00 OK
r-oldrel-macos-arm64 0.5.5 3.00 32.00 35.00 OK
r-oldrel-macos-x86_64 0.5.5 8.00 85.00 93.00 OK
r-oldrel-windows-x86_64 0.5.5 10.00 105.00 115.00 OK

Check Details

Version: 0.5.5
Check: CRAN incoming feasibility
Result: NOTE Maintainer: ‘Arthur Allignol <arthur.allignol@gmail.com>’ No Authors@R field in DESCRIPTION. Please add one, modifying Authors@R: person(given = "Arthur", family = "Allignol", role = c("aut", "cre"), email = "arthur.allignol@gmail.com") as necessary. Flavors: r-devel-linux-x86_64-debian-clang, r-devel-linux-x86_64-debian-gcc