Last updated on 2024-08-16 12:49:11 CEST.
Flavor | Version | Tinstall | Tcheck | Ttotal | Status | Flags |
---|---|---|---|---|---|---|
r-devel-linux-x86_64-debian-clang | 0.3.6 | 2.89 | 121.77 | 124.66 | NOTE | |
r-devel-linux-x86_64-debian-gcc | 0.3.6 | 2.05 | 89.11 | 91.16 | NOTE | |
r-devel-linux-x86_64-fedora-clang | 0.3.6 | 190.23 | NOTE | |||
r-devel-linux-x86_64-fedora-gcc | 0.3.6 | 210.15 | NOTE | |||
r-devel-windows-x86_64 | 0.3.6 | 4.00 | 174.00 | 178.00 | NOTE | |
r-patched-linux-x86_64 | 0.3.6 | 3.78 | 117.35 | 121.13 | NOTE | |
r-release-linux-x86_64 | 0.3.6 | 2.86 | 116.54 | 119.40 | NOTE | |
r-release-macos-arm64 | 0.3.6 | 68.00 | NOTE | |||
r-release-macos-x86_64 | 0.3.6 | 105.00 | NOTE | |||
r-release-windows-x86_64 | 0.3.6 | 5.00 | 180.00 | 185.00 | NOTE | |
r-oldrel-macos-arm64 | 0.3.6 | 71.00 | OK | |||
r-oldrel-macos-x86_64 | 0.3.6 | 115.00 | OK | |||
r-oldrel-windows-x86_64 | 0.3.6 | 5.00 | 207.00 | 212.00 | OK |
Version: 0.3.6
Check: Rd files
Result: NOTE
checkRd: (-1) knockoff.Rd:22-24: Lost braces in \itemize; meant \describe ?
checkRd: (-1) knockoff.Rd:25-27: Lost braces in \itemize; meant \describe ?
Flavors: r-devel-linux-x86_64-debian-clang, r-devel-linux-x86_64-debian-gcc, r-devel-linux-x86_64-fedora-clang, r-devel-linux-x86_64-fedora-gcc, r-devel-windows-x86_64, r-patched-linux-x86_64, r-release-linux-x86_64, r-release-macos-arm64, r-release-macos-x86_64, r-release-windows-x86_64