Last updated on 2024-07-18 01:55:34 CEST.
Flavor | Version | Tinstall | Tcheck | Ttotal | Status | Flags |
---|---|---|---|---|---|---|
r-devel-linux-x86_64-debian-clang | 1.0-1 | 11.54 | 110.89 | 122.43 | OK | |
r-devel-linux-x86_64-debian-gcc | 1.0-1 | 10.67 | 84.06 | 94.73 | OK | |
r-devel-linux-x86_64-fedora-clang | 1.0-1 | 149.94 | NOTE | |||
r-devel-linux-x86_64-fedora-gcc | 1.0-1 | 142.94 | OK | |||
r-devel-windows-x86_64 | 1.0-1 | 12.00 | 95.00 | 107.00 | NOTE | |
r-patched-linux-x86_64 | 1.0-1 | 10.52 | 107.79 | 118.31 | OK | |
r-release-linux-x86_64 | 1.0-1 | 10.95 | 103.92 | 114.87 | OK | |
r-release-macos-arm64 | 1.0-1 | 45.00 | NOTE | |||
r-release-macos-x86_64 | 1.0-1 | 69.00 | NOTE | |||
r-release-windows-x86_64 | 1.0-1 | 12.00 | 97.00 | 109.00 | NOTE | |
r-oldrel-macos-arm64 | 1.0-1 | 48.00 | NOTE | |||
r-oldrel-macos-x86_64 | 1.0-1 | 89.00 | NOTE | |||
r-oldrel-windows-x86_64 | 1.0-1 | 15.00 | 113.00 | 128.00 | NOTE |
Version: 1.0-1
Check: installed package size
Result: NOTE
installed size is 8.4Mb
sub-directories of 1Mb or more:
data 8.3Mb
Flavors: r-devel-linux-x86_64-fedora-clang, r-devel-windows-x86_64, r-release-macos-arm64, r-release-macos-x86_64, r-release-windows-x86_64, r-oldrel-macos-arm64, r-oldrel-macos-x86_64, r-oldrel-windows-x86_64
Version: 1.0-1
Check: Rd cross-references
Result: NOTE
Undeclared package ‘spdep’ in Rd xrefs
Flavor: r-devel-linux-x86_64-fedora-clang