Last updated on 2024-07-18 01:55:34 CEST.
Flavor | Version | Tinstall | Tcheck | Ttotal | Status | Flags |
---|---|---|---|---|---|---|
r-devel-linux-x86_64-debian-clang | 1.1.3 | 246.41 | 102.43 | 348.84 | NOTE | |
r-devel-linux-x86_64-debian-gcc | 1.1.3 | 193.55 | 76.34 | 269.89 | NOTE | |
r-devel-windows-x86_64 | 1.1.3 | 323.00 | 114.00 | 437.00 | NOTE | |
r-patched-linux-x86_64 | 1.1.3 | 228.46 | 98.35 | 326.81 | NOTE | |
r-release-linux-x86_64 | 1.1.3 | 157.48 | 98.10 | 255.58 | NOTE | |
r-release-macos-arm64 | 1.1.3 | 119.00 | NOTE | |||
r-release-macos-x86_64 | 1.1.3 | 120.00 | NOTE | |||
r-release-windows-x86_64 | 1.1.3 | 303.00 | 110.00 | 413.00 | NOTE | |
r-oldrel-macos-arm64 | 1.1.3 | 130.00 | NOTE | |||
r-oldrel-macos-x86_64 | 1.1.3 | 142.00 | NOTE | |||
r-oldrel-windows-x86_64 | 1.1.3 | 349.00 | 133.00 | 482.00 | NOTE |
Version: 1.1.3
Check: for GNU extensions in Makefiles
Result: NOTE
GNU make is a SystemRequirements.
Flavors: r-devel-linux-x86_64-debian-clang, r-devel-linux-x86_64-debian-gcc, r-devel-windows-x86_64, r-patched-linux-x86_64, r-release-linux-x86_64, r-release-macos-arm64, r-release-macos-x86_64, r-release-windows-x86_64, r-oldrel-macos-arm64, r-oldrel-macos-x86_64, r-oldrel-windows-x86_64