Last updated on 2024-07-18 01:55:34 CEST.
Flavor | Version | Tinstall | Tcheck | Ttotal | Status | Flags |
---|---|---|---|---|---|---|
r-devel-linux-x86_64-debian-clang | 0.1.0 | 39.86 | 154.88 | 194.74 | OK | |
r-devel-linux-x86_64-debian-gcc | 0.1.0 | 30.93 | 112.68 | 143.61 | OK | |
r-devel-linux-x86_64-fedora-clang | 0.1.0 | 248.04 | NOTE | |||
r-devel-linux-x86_64-fedora-gcc | 0.1.0 | 229.49 | NOTE | |||
r-devel-windows-x86_64 | 0.1.0 | 29.00 | 129.00 | 158.00 | OK | |
r-patched-linux-x86_64 | 0.1.0 | 26.49 | 150.84 | 177.33 | OK | |
r-release-linux-x86_64 | 0.1.0 | 23.86 | 149.47 | 173.33 | OK | |
r-release-macos-arm64 | 0.1.0 | 61.00 | OK | |||
r-release-macos-x86_64 | 0.1.0 | 90.00 | OK | |||
r-release-windows-x86_64 | 0.1.0 | 28.00 | 131.00 | 159.00 | OK | |
r-oldrel-macos-arm64 | 0.1.0 | 68.00 | OK | |||
r-oldrel-macos-x86_64 | 0.1.0 | 113.00 | OK | |||
r-oldrel-windows-x86_64 | 0.1.0 | 40.00 | 156.00 | 196.00 | OK |
Version: 0.1.0
Check: dependencies in R code
Result: NOTE
Namespace in Imports field not imported from: ‘R6’
All declared Imports should be used.
Flavors: r-devel-linux-x86_64-fedora-clang, r-devel-linux-x86_64-fedora-gcc