Last updated on 2025-07-08 13:49:12 CEST.
Flavor | Version | Tinstall | Tcheck | Ttotal | Status | Flags |
---|---|---|---|---|---|---|
r-devel-linux-x86_64-debian-clang | 4.2.1 | 136.60 | 542.81 | 679.41 | OK | |
r-devel-linux-x86_64-debian-gcc | 4.2.1 | 95.36 | 335.35 | 430.71 | OK | |
r-devel-linux-x86_64-fedora-clang | 4.2.1 | 1125.02 | OK | |||
r-devel-linux-x86_64-fedora-gcc | 4.2.1 | 1137.81 | OK | |||
r-devel-windows-x86_64 | 4.2.1 | 145.00 | 489.00 | 634.00 | OK | |
r-patched-linux-x86_64 | 4.2.1 | 145.92 | 511.76 | 657.68 | OK | |
r-release-linux-x86_64 | 4.2.1 | 135.66 | 512.14 | 647.80 | OK | |
r-release-macos-arm64 | 4.2.1 | 257.00 | OK | |||
r-release-macos-x86_64 | 4.2.1 | 761.00 | OK | |||
r-release-windows-x86_64 | 4.2.1 | 151.00 | 484.00 | 635.00 | OK | |
r-oldrel-macos-arm64 | 4.2.1 | 279.00 | NOTE | |||
r-oldrel-macos-x86_64 | 4.2.1 | 815.00 | NOTE | |||
r-oldrel-windows-x86_64 | 4.2.1 | 183.00 | 654.00 | 837.00 | NOTE |
Version: 4.2.1
Check: installed package size
Result: NOTE
installed size is 13.7Mb
sub-directories of 1Mb or more:
R 1.1Mb
doc 1.0Mb
extdata 1.2Mb
libs 9.9Mb
Flavors: r-oldrel-macos-arm64, r-oldrel-macos-x86_64, r-oldrel-windows-x86_64