Last updated on 2024-08-16 12:49:12 CEST.
Flavor | Version | Tinstall | Tcheck | Ttotal | Status | Flags |
---|---|---|---|---|---|---|
r-devel-linux-x86_64-debian-clang | 1.0.2 | 23.95 | 229.66 | 253.61 | OK | |
r-devel-linux-x86_64-debian-gcc | 1.0.2 | 17.04 | 147.62 | 164.66 | OK | |
r-devel-linux-x86_64-fedora-clang | 1.0.2 | 419.93 | NOTE | |||
r-devel-linux-x86_64-fedora-gcc | 1.0.2 | 401.58 | NOTE | |||
r-devel-windows-x86_64 | 1.0.2 | 24.00 | 182.00 | 206.00 | OK | |
r-patched-linux-x86_64 | 1.0.2 | 19.26 | 216.27 | 235.53 | OK | |
r-release-linux-x86_64 | 1.0.2 | 25.87 | 215.55 | 241.42 | OK | |
r-release-macos-arm64 | 1.0.2 | 94.00 | OK | |||
r-release-macos-x86_64 | 1.0.2 | 176.00 | OK | |||
r-release-windows-x86_64 | 1.0.2 | 23.00 | 183.00 | 206.00 | OK | |
r-oldrel-macos-arm64 | 1.0.2 | 97.00 | OK | |||
r-oldrel-macos-x86_64 | 1.0.2 | 220.00 | OK | |||
r-oldrel-windows-x86_64 | 1.0.2 | 32.00 | 245.00 | 277.00 | OK |
Version: 1.0.2
Check: dependencies in R code
Result: NOTE
Namespace in Imports field not imported from: ‘knitr’
All declared Imports should be used.
Flavors: r-devel-linux-x86_64-fedora-clang, r-devel-linux-x86_64-fedora-gcc