Last updated on 2025-07-08 13:49:12 CEST.
Flavor | Version | Tinstall | Tcheck | Ttotal | Status | Flags |
---|---|---|---|---|---|---|
r-devel-linux-x86_64-debian-clang | 0.1.0 | 20.51 | 38.00 | 58.51 | OK | |
r-devel-linux-x86_64-debian-gcc | 0.1.0 | 13.22 | 28.39 | 41.61 | OK | |
r-devel-linux-x86_64-fedora-clang | 0.1.0 | 104.81 | NOTE | |||
r-devel-linux-x86_64-fedora-gcc | 0.1.0 | 104.16 | NOTE | |||
r-devel-windows-x86_64 | 0.1.0 | 23.00 | 73.00 | 96.00 | OK | |
r-patched-linux-x86_64 | 0.1.0 | 17.32 | 36.29 | 53.61 | OK | |
r-release-linux-x86_64 | 0.1.0 | 18.42 | 36.06 | 54.48 | OK | |
r-release-macos-arm64 | 0.1.0 | 44.00 | OK | |||
r-release-macos-x86_64 | 0.1.0 | 63.00 | OK | |||
r-release-windows-x86_64 | 0.1.0 | 23.00 | 73.00 | 96.00 | OK | |
r-oldrel-macos-arm64 | 0.1.0 | 62.00 | OK | |||
r-oldrel-macos-x86_64 | 0.1.0 | 115.00 | OK | |||
r-oldrel-windows-x86_64 | 0.1.0 | 27.00 | 87.00 | 114.00 | OK |
Version: 0.1.0
Check: dependencies in R code
Result: NOTE
Namespace in Imports field not imported from: ‘RcppArmadillo’
All declared Imports should be used.
Flavors: r-devel-linux-x86_64-fedora-clang, r-devel-linux-x86_64-fedora-gcc