Last updated on 2025-11-14 00:50:49 CET.
| Flavor | Version | Tinstall | Tcheck | Ttotal | Status | Flags |
|---|---|---|---|---|---|---|
| r-devel-linux-x86_64-debian-clang | 2.9.8 | 104.24 | 55.43 | 159.67 | OK | |
| r-devel-linux-x86_64-debian-gcc | 2.9.8 | 64.00 | 41.34 | 105.34 | OK | |
| r-devel-linux-x86_64-fedora-clang | 2.9.8 | 284.00 | 47.91 | 331.91 | OK | |
| r-devel-linux-x86_64-fedora-gcc | 2.9.8 | 195.00 | 92.33 | 287.33 | OK | |
| r-devel-windows-x86_64 | 2.9.8 | 109.00 | 112.00 | 221.00 | OK | |
| r-patched-linux-x86_64 | 2.9.8 | 95.24 | 53.46 | 148.70 | OK | |
| r-release-linux-x86_64 | 2.9.8 | 95.38 | 53.37 | 148.75 | OK | |
| r-release-macos-arm64 | 2.9.8 | 35.00 | 36.00 | 71.00 | OK | |
| r-release-macos-x86_64 | 2.9.8 | 34.00 | 72.00 | 106.00 | OK | |
| r-release-windows-x86_64 | 2.9.8 | 116.00 | 119.00 | 235.00 | OK | |
| r-oldrel-macos-arm64 | 2.9.8 | 36.00 | 52.00 | 88.00 | OK | |
| r-oldrel-macos-x86_64 | 2.9.8 | 33.00 | 87.00 | 120.00 | NOTE | |
| r-oldrel-windows-x86_64 | 2.9.8 | 110.00 | 130.00 | 240.00 | OK |
Version: 2.9.8
Check: installed package size
Result: NOTE
installed size is 5.1Mb
sub-directories of 1Mb or more:
libs 4.7Mb
Flavor: r-oldrel-macos-x86_64