Last updated on 2024-07-18 01:55:35 CEST.
Flavor | Version | Tinstall | Tcheck | Ttotal | Status | Flags |
---|---|---|---|---|---|---|
r-devel-linux-x86_64-debian-clang | 0.3.1 | 3.93 | 52.87 | 56.80 | NOTE | |
r-devel-linux-x86_64-debian-gcc | 0.3.1 | 2.93 | 37.92 | 40.85 | NOTE | |
r-devel-linux-x86_64-fedora-clang | 0.3.1 | 69.18 | NOTE | |||
r-devel-linux-x86_64-fedora-gcc | 0.3.1 | 62.90 | NOTE | |||
r-devel-windows-x86_64 | 0.3.1 | 5.00 | 58.00 | 63.00 | NOTE | |
r-patched-linux-x86_64 | 0.3.1 | 2.93 | 48.01 | 50.94 | NOTE | |
r-release-linux-x86_64 | 0.3.1 | 3.63 | 47.06 | 50.69 | NOTE | |
r-release-macos-arm64 | 0.3.1 | 29.00 | NOTE | |||
r-release-macos-x86_64 | 0.3.1 | 38.00 | NOTE | |||
r-release-windows-x86_64 | 0.3.1 | 4.00 | 59.00 | 63.00 | NOTE | |
r-oldrel-macos-arm64 | 0.3.1 | 31.00 | OK | |||
r-oldrel-macos-x86_64 | 0.3.1 | 45.00 | OK | |||
r-oldrel-windows-x86_64 | 0.3.1 | 5.00 | 64.00 | 69.00 | OK |
Version: 0.3.1
Check: Rd files
Result: NOTE
checkRd: (-1) mte_tilde_at.Rd:23: Lost braces in \itemize; \value handles \item{}{} directly
checkRd: (-1) mte_tilde_at.Rd:24: Lost braces in \itemize; \value handles \item{}{} directly
checkRd: (-1) mte_tilde_at.Rd:25: Lost braces in \itemize; \value handles \item{}{} directly
checkRd: (-1) mte_tilde_at.Rd:26: Lost braces in \itemize; \value handles \item{}{} directly
checkRd: (-1) mte_tilde_at.Rd:27: Lost braces in \itemize; \value handles \item{}{} directly
Flavors: r-devel-linux-x86_64-debian-clang, r-devel-linux-x86_64-debian-gcc, r-devel-linux-x86_64-fedora-clang, r-devel-linux-x86_64-fedora-gcc, r-devel-windows-x86_64, r-patched-linux-x86_64, r-release-linux-x86_64, r-release-macos-arm64, r-release-macos-x86_64, r-release-windows-x86_64