CRAN Package Check Results for Package locationgamer

Last updated on 2025-11-14 00:50:49 CET.

Flavor Version Tinstall Tcheck Ttotal Status Flags
r-devel-linux-x86_64-debian-clang 0.1.0 1.61 24.74 26.35 NOTE
r-devel-linux-x86_64-debian-gcc 0.1.0 1.42 19.70 21.12 NOTE
r-devel-linux-x86_64-fedora-clang 0.1.0 40.73 OK
r-devel-linux-x86_64-fedora-gcc 0.1.0 52.67 OK
r-devel-windows-x86_64 0.1.0 3.00 43.00 46.00 OK
r-patched-linux-x86_64 0.1.0 2.05 22.90 24.95 OK
r-release-linux-x86_64 0.1.0 2.01 23.41 25.42 OK
r-release-macos-arm64 0.1.0 1.00 33.00 34.00 OK
r-release-macos-x86_64 0.1.0 2.00 38.00 40.00 OK
r-release-windows-x86_64 0.1.0 3.00 44.00 47.00 OK
r-oldrel-macos-arm64 0.1.0 1.00 21.00 22.00 NOTE
r-oldrel-macos-x86_64 0.1.0 2.00 31.00 33.00 NOTE
r-oldrel-windows-x86_64 0.1.0 5.00 49.00 54.00 NOTE

Check Details

Version: 0.1.0
Check: CRAN incoming feasibility
Result: NOTE Maintainer: ‘Maximilian Zellner <zellnermaximilian@gmail.com>’ No Authors@R field in DESCRIPTION. Please add one, modifying Authors@R: person(given = "Maximilian", family = "Zellner", role = c("aut", "cre"), email = "zellnermaximilian@gmail.com") as necessary. Flavors: r-devel-linux-x86_64-debian-clang, r-devel-linux-x86_64-debian-gcc

Version: 0.1.0
Check: LazyData
Result: NOTE 'LazyData' is specified without a 'data' directory Flavors: r-oldrel-macos-arm64, r-oldrel-macos-x86_64, r-oldrel-windows-x86_64