Last updated on 2024-08-16 12:49:12 CEST.
Flavor | Version | Tinstall | Tcheck | Ttotal | Status | Flags |
---|---|---|---|---|---|---|
r-devel-linux-x86_64-debian-clang | 0.3.0 | 2.64 | 53.36 | 56.00 | OK | |
r-devel-linux-x86_64-debian-gcc | 0.3.0 | 2.38 | 39.25 | 41.63 | OK | |
r-devel-linux-x86_64-fedora-clang | 0.3.0 | 89.56 | OK | |||
r-devel-linux-x86_64-fedora-gcc | 0.3.0 | 103.42 | OK | |||
r-devel-windows-x86_64 | 0.3.0 | 6.00 | 89.00 | 95.00 | NOTE | |
r-patched-linux-x86_64 | 0.3.0 | 3.78 | 50.62 | 54.40 | OK | |
r-release-linux-x86_64 | 0.3.0 | 2.61 | 51.28 | 53.89 | OK | |
r-release-macos-arm64 | 0.3.0 | 41.00 | OK | |||
r-release-macos-x86_64 | 0.3.0 | 65.00 | OK | |||
r-release-windows-x86_64 | 0.3.0 | 7.00 | 87.00 | 94.00 | NOTE | |
r-oldrel-macos-arm64 | 0.3.0 | 74.00 | OK | |||
r-oldrel-macos-x86_64 | 0.3.0 | 98.00 | OK | |||
r-oldrel-windows-x86_64 | 0.3.0 | 6.00 | 98.00 | 104.00 | NOTE |
Version: 0.3.0
Check: package dependencies
Result: NOTE
Package suggested but not available for checking: 'rsyslog'
Flavors: r-devel-windows-x86_64, r-release-windows-x86_64, r-oldrel-windows-x86_64