Last updated on 2024-08-16 12:49:12 CEST.
Flavor | Version | Tinstall | Tcheck | Ttotal | Status | Flags |
---|---|---|---|---|---|---|
r-devel-linux-x86_64-debian-clang | 2.3.1 | 3.66 | 30.79 | 34.45 | OK | |
r-devel-linux-x86_64-debian-gcc | 2.3.1 | 3.09 | 23.75 | 26.84 | OK | |
r-devel-linux-x86_64-fedora-clang | 2.3.1 | 58.82 | OK | |||
r-devel-linux-x86_64-fedora-gcc | 2.3.1 | 69.04 | OK | |||
r-devel-windows-x86_64 | 2.3.1 | 7.00 | 62.00 | 69.00 | OK | |
r-patched-linux-x86_64 | 2.3.1 | 4.76 | 29.73 | 34.49 | OK | |
r-release-linux-x86_64 | 2.3.1 | 3.83 | 29.38 | 33.21 | OK | |
r-release-macos-arm64 | 2.3.1 | 43.00 | OK | |||
r-release-macos-x86_64 | 2.3.1 | 98.00 | OK | |||
r-release-windows-x86_64 | 2.3.1 | 7.00 | 61.00 | 68.00 | OK | |
r-oldrel-macos-arm64 | 2.3.1 | 38.00 | ERROR | |||
r-oldrel-macos-x86_64 | 2.3.1 | 77.00 | ERROR | |||
r-oldrel-windows-x86_64 | 2.3.1 | 7.00 | 64.00 | 71.00 | OK |
Version: 2.3.1
Check: running R code from vignettes
Result: ERROR
Errors in running code in vignettes:
when running code in ‘further_configurations.rmd’
...
+ .loggit = TRUE)
{"timestamp": "2024-08-12T11:34:15+1200", "log_lvl": "INFO", "log_msg": "This message will be logged, since .loggit = TRUE.\n"}
This message will be logged, since .loggit = TRUE.
> loggit2::stop("This error message will be logged because the log level is set to ERROR.")
{"timestamp": "2024-08-12T11:34:15+1200", "log_lvl": "ERROR", "log_msg": "This error message will be logged because the log level is set to ERROR."}
When sourcing ‘further_configurations.R’:
Error: This error message will be logged because the log level is set to ERROR.
Execution halted
when running code in ‘loggit2.Rmd’
...
> loggit2::warning("This is a warning")
{"timestamp": "2024-08-12T11:34:15+1200", "log_lvl": "WARN", "log_msg": "This is a warning"}
Warning in eval(ei, envir) : This is a warning
> base::stop("This is another error")
When sourcing ‘loggit2.R’:
Error: This is another error
Execution halted
‘further_configurations.rmd’ using ‘UTF-8’... failed
‘loggit2.Rmd’ using ‘UTF-8’... failed
Flavor: r-oldrel-macos-arm64
Version: 2.3.1
Check: running R code from vignettes
Result: ERROR
Errors in running code in vignettes:
when running code in ‘further_configurations.rmd’
...
+ .loggit = TRUE)
{"timestamp": "2024-08-16T03:21:06-0400", "log_lvl": "INFO", "log_msg": "This message will be logged, since .loggit = TRUE.\n"}
This message will be logged, since .loggit = TRUE.
> loggit2::stop("This error message will be logged because the log level is set to ERROR.")
{"timestamp": "2024-08-16T03:21:06-0400", "log_lvl": "ERROR", "log_msg": "This error message will be logged because the log level is set to ERROR."}
When sourcing ‘further_configurations.R’:
Error: This error message will be logged because the log level is set to ERROR.
Execution halted
when running code in ‘loggit2.Rmd’
...
> loggit2::warning("This is a warning")
{"timestamp": "2024-08-16T03:21:07-0400", "log_lvl": "WARN", "log_msg": "This is a warning"}
Warning in eval(ei, envir) : This is a warning
> base::stop("This is another error")
When sourcing ‘loggit2.R’:
Error: This is another error
Execution halted
‘further_configurations.rmd’ using ‘UTF-8’... failed
‘loggit2.Rmd’ using ‘UTF-8’... failed
Flavor: r-oldrel-macos-x86_64