Last updated on 2024-08-16 00:48:24 CEST.
Flavor | Version | Tinstall | Tcheck | Ttotal | Status | Flags |
---|---|---|---|---|---|---|
r-devel-linux-x86_64-debian-clang | 1.4.1 | 21.44 | 202.51 | 223.95 | NOTE | |
r-devel-linux-x86_64-debian-gcc | 1.4.1 | 14.57 | 143.48 | 158.05 | NOTE | |
r-devel-linux-x86_64-fedora-clang | 1.4.1 | 372.27 | NOTE | |||
r-devel-linux-x86_64-fedora-gcc | 1.4.1 | 385.42 | NOTE | |||
r-devel-windows-x86_64 | 1.4.1 | 21.00 | 345.00 | 366.00 | NOTE | |
r-patched-linux-x86_64 | 1.4.1 | 26.13 | 192.55 | 218.68 | NOTE | |
r-release-linux-x86_64 | 1.4.1 | 18.18 | 189.72 | 207.90 | NOTE | |
r-release-macos-arm64 | 1.4.1 | 176.00 | NOTE | |||
r-release-macos-x86_64 | 1.4.1 | 190.00 | NOTE | |||
r-release-windows-x86_64 | 1.4.1 | 21.00 | 470.00 | 491.00 | NOTE | |
r-oldrel-macos-arm64 | 1.4.1 | 170.00 | NOTE | |||
r-oldrel-macos-x86_64 | 1.4.1 | 370.00 | NOTE | |||
r-oldrel-windows-x86_64 | 1.4.1 | 25.00 | 366.00 | 391.00 | OK |
Version: 1.4.1
Check: Rd files
Result: NOTE
checkRd: (-1) l_binCut.Rd:30: Lost braces
30 | when 'code{labels = FALSE}, the default \code{active} is \code{-1}; and when \code{labels} is a vector of length equal
| ^
Flavors: r-devel-linux-x86_64-debian-clang, r-devel-linux-x86_64-debian-gcc, r-devel-linux-x86_64-fedora-clang, r-devel-linux-x86_64-fedora-gcc, r-devel-windows-x86_64, r-patched-linux-x86_64, r-release-linux-x86_64, r-release-macos-arm64, r-release-macos-x86_64, r-release-windows-x86_64
Version: 1.4.1
Check: installed package size
Result: NOTE
installed size is 5.0Mb
sub-directories of 1Mb or more:
doc 1.5Mb
tcl 1.3Mb
Flavor: r-devel-linux-x86_64-fedora-clang
Version: 1.4.1
Check: package dependencies
Result: NOTE
Package suggested but not available for checking: ‘RDRToolbox’
Flavors: r-oldrel-macos-arm64, r-oldrel-macos-x86_64