Last updated on 2024-08-16 12:49:12 CEST.
Flavor | Version | Tinstall | Tcheck | Ttotal | Status | Flags |
---|---|---|---|---|---|---|
r-devel-linux-x86_64-debian-clang | 0.1.8 | 44.13 | 29.70 | 73.83 | NOTE | |
r-devel-linux-x86_64-debian-gcc | 0.1.8 | 32.75 | 23.56 | 56.31 | NOTE | |
r-devel-linux-x86_64-fedora-clang | 0.1.8 | 125.15 | NOTE | |||
r-devel-linux-x86_64-fedora-gcc | 0.1.8 | 152.61 | NOTE | |||
r-devel-windows-x86_64 | 0.1.8 | 59.00 | 65.00 | 124.00 | NOTE | |
r-patched-linux-x86_64 | 0.1.8 | 46.25 | 28.76 | 75.01 | NOTE | |
r-release-linux-x86_64 | 0.1.8 | 44.32 | 28.32 | 72.64 | NOTE | |
r-release-macos-arm64 | 0.1.8 | 69.00 | NOTE | |||
r-release-macos-x86_64 | 0.1.8 | 129.00 | NOTE | |||
r-release-windows-x86_64 | 0.1.8 | 58.00 | 81.00 | 139.00 | NOTE | |
r-oldrel-macos-arm64 | 0.1.8 | 59.00 | NOTE | |||
r-oldrel-macos-x86_64 | 0.1.8 | 144.00 | NOTE | |||
r-oldrel-windows-x86_64 | 0.1.8 | 59.00 | 83.00 | 142.00 | NOTE |
Version: 0.1.8
Check: for GNU extensions in Makefiles
Result: NOTE
GNU make is a SystemRequirements.
Flavors: r-devel-linux-x86_64-debian-clang, r-devel-linux-x86_64-debian-gcc, r-devel-linux-x86_64-fedora-clang, r-devel-linux-x86_64-fedora-gcc, r-devel-windows-x86_64, r-patched-linux-x86_64, r-release-linux-x86_64, r-release-macos-arm64, r-release-macos-x86_64, r-release-windows-x86_64, r-oldrel-macos-arm64, r-oldrel-macos-x86_64, r-oldrel-windows-x86_64