Last updated on 2025-11-13 12:54:14 CET.
| Flavor | Version | Tinstall | Tcheck | Ttotal | Status | Flags |
|---|---|---|---|---|---|---|
| r-devel-linux-x86_64-debian-clang | 0.2.1 | 69.85 | 122.69 | 192.54 | OK | |
| r-devel-linux-x86_64-debian-gcc | 0.2.1 | 42.89 | 97.13 | 140.02 | OK | |
| r-devel-linux-x86_64-fedora-clang | 0.2.1 | 69.00 | 231.32 | 300.32 | OK | |
| r-devel-linux-x86_64-fedora-gcc | 0.2.1 | 121.00 | 159.02 | 280.02 | OK | |
| r-devel-windows-x86_64 | 0.2.1 | 74.00 | 147.00 | 221.00 | OK | |
| r-patched-linux-x86_64 | 0.2.1 | 65.89 | 118.20 | 184.09 | OK | |
| r-release-linux-x86_64 | 0.2.1 | 64.24 | 117.52 | 181.76 | OK | |
| r-release-macos-arm64 | 0.2.1 | 23.00 | 46.00 | 69.00 | OK | |
| r-release-macos-x86_64 | 0.2.1 | 29.00 | 118.00 | 147.00 | OK | |
| r-release-windows-x86_64 | 0.2.1 | 74.00 | 130.00 | 204.00 | OK | |
| r-oldrel-macos-arm64 | 0.2.1 | 23.00 | 48.00 | 71.00 | NOTE | |
| r-oldrel-macos-x86_64 | 0.2.1 | 29.00 | 109.00 | 138.00 | NOTE | |
| r-oldrel-windows-x86_64 | 0.2.1 | 90.00 | 163.00 | 253.00 | OK |
Version: 0.2.1
Check: installed package size
Result: NOTE
installed size is 6.0Mb
sub-directories of 1Mb or more:
data 2.1Mb
libs 3.7Mb
Flavors: r-oldrel-macos-arm64, r-oldrel-macos-x86_64