CRAN Package Check Results for Package mHG

Last updated on 2025-11-13 12:54:14 CET.

Flavor Version Tinstall Tcheck Ttotal Status Flags
r-devel-linux-x86_64-debian-clang 1.1 1.72 27.44 29.16 NOTE
r-devel-linux-x86_64-debian-gcc 1.1 1.55 21.71 23.26 NOTE
r-devel-linux-x86_64-fedora-clang 1.1 42.39 OK
r-devel-linux-x86_64-fedora-gcc 1.1 41.50 OK
r-devel-windows-x86_64 1.1 2.00 53.00 55.00 OK
r-patched-linux-x86_64 1.1 1.81 25.83 27.64 OK
r-release-linux-x86_64 1.1 1.78 25.75 27.53 OK
r-release-macos-arm64 1.1 1.00 18.00 19.00 OK
r-release-macos-x86_64 1.1 2.00 29.00 31.00 OK
r-release-windows-x86_64 1.1 3.00 49.00 52.00 OK
r-oldrel-macos-arm64 1.1 1.00 16.00 17.00 OK
r-oldrel-macos-x86_64 1.1 2.00 23.00 25.00 OK
r-oldrel-windows-x86_64 1.1 3.00 55.00 58.00 OK

Check Details

Version: 1.1
Check: CRAN incoming feasibility
Result: NOTE Maintainer: ‘Kobi Perl <kobipe3@gmail.com>’ No Authors@R field in DESCRIPTION. Please add one, modifying Authors@R: person(given = "Kobi", family = "Perl", role = c("aut", "cre"), email = "kobipe3@gmail.com") as necessary. Package CITATION file contains call(s) to old-style citEntry(). Please use bibentry() instead. Flavors: r-devel-linux-x86_64-debian-clang, r-devel-linux-x86_64-debian-gcc