Last updated on 2025-11-06 00:50:44 CET.
| Flavor | Version | Tinstall | Tcheck | Ttotal | Status | Flags |
|---|---|---|---|---|---|---|
| r-devel-linux-x86_64-debian-clang | 0.2.2 | 2.73 | 25.83 | 28.56 | OK | |
| r-devel-linux-x86_64-debian-gcc | 0.2.2 | 2.46 | 21.16 | 23.62 | OK | |
| r-devel-linux-x86_64-fedora-clang | 0.2.2 | 43.55 | OK | |||
| r-devel-linux-x86_64-fedora-gcc | 0.2.2 | 40.74 | OK | |||
| r-devel-windows-x86_64 | 0.2.2 | 4.00 | 46.00 | 50.00 | OK | |
| r-patched-linux-x86_64 | 0.2.2 | 2.97 | 21.43 | 24.40 | ERROR | |
| r-release-linux-x86_64 | 0.2.2 | 3.06 | 24.49 | 27.55 | OK | |
| r-release-macos-arm64 | 0.2.2 | 2.00 | 38.00 | 40.00 | OK | |
| r-release-macos-x86_64 | 0.2.2 | 3.00 | 53.00 | 56.00 | OK | |
| r-release-windows-x86_64 | 0.2.2 | 5.00 | 45.00 | 50.00 | OK | |
| r-oldrel-macos-arm64 | 0.2.2 | 2.00 | 37.00 | 39.00 | OK | |
| r-oldrel-macos-x86_64 | 0.2.2 | 4.00 | 48.00 | 52.00 | OK | |
| r-oldrel-windows-x86_64 | 0.2.2 | 6.00 | 52.00 | 58.00 | OK |
Version: 0.2.2
Check: examples
Result: ERROR
Running examples in ‘mapsFinland-Ex.R’ failed
The error most likely occurred in:
> base::assign(".ptime", proc.time(), pos = "CheckExEnv")
> ### Name: mkMapFinland
> ### Title: Make map of Finland
> ### Aliases: mkMapFinland
>
> ### ** Examples
>
> hv.alueet<-mkMapFinland(url="https://tinyurl.com/hvalueet2022")
trying URL 'https://tinyurl.com/hvalueet2022'
Warning in utils::download.file(url = url, lv.temp, mode = "wb") :
cannot open URL 'https://tinyurl.com/hvalueet2022': HTTP status was '502 Bad Gateway'
Error in utils::download.file(url = url, lv.temp, mode = "wb") :
cannot open URL 'https://tinyurl.com/hvalueet2022'
Calls: mkMapFinland -> <Anonymous>
Execution halted
Flavor: r-patched-linux-x86_64