Last updated on 2024-06-14 13:56:24 CEST.
Flavor | Version | Tinstall | Tcheck | Ttotal | Status | Flags |
---|---|---|---|---|---|---|
r-devel-linux-x86_64-debian-clang | 2.11.2 | 37.25 | 418.69 | 455.94 | OK | |
r-devel-linux-x86_64-debian-gcc | 2.11.2 | 32.47 | 295.80 | 328.27 | OK | |
r-devel-linux-x86_64-fedora-clang | 2.11.2 | 583.69 | NOTE | |||
r-devel-linux-x86_64-fedora-gcc | 2.11.2 | 516.19 | NOTE | |||
r-devel-windows-x86_64 | 2.11.2 | 32.00 | 250.00 | 282.00 | OK | |
r-patched-linux-x86_64 | 2.11.2 | 45.03 | 399.91 | 444.94 | OK | |
r-release-linux-x86_64 | 2.11.2 | 36.76 | 388.82 | 425.58 | OK | |
r-release-macos-arm64 | 2.11.2 | 132.00 | OK | |||
r-release-macos-x86_64 | 2.11.2 | 251.00 | OK | |||
r-release-windows-x86_64 | 2.11.2 | 34.00 | 246.00 | 280.00 | OK | |
r-oldrel-macos-arm64 | 2.11.2 | 136.00 | OK | |||
r-oldrel-macos-x86_64 | 2.11.2 | 316.00 | OK | |||
r-oldrel-windows-x86_64 | 2.11.2 | 45.00 | 330.00 | 375.00 | OK |
Version: 2.11.2
Check: Rd cross-references
Result: NOTE
Undeclared package ‘chromote’ in Rd xrefs
Flavor: r-devel-linux-x86_64-fedora-clang
Version: 2.11.2
Check: data for non-ASCII characters
Result: NOTE
Note: found 1 marked UTF-8 string
Flavors: r-devel-linux-x86_64-fedora-clang, r-devel-linux-x86_64-fedora-gcc