Last updated on 2024-08-16 12:49:12 CEST.
Flavor | Version | Tinstall | Tcheck | Ttotal | Status | Flags |
---|---|---|---|---|---|---|
r-devel-linux-x86_64-debian-clang | 0.7 | 7.29 | 138.51 | 145.80 | OK | |
r-devel-linux-x86_64-debian-gcc | 0.7 | 5.04 | 100.57 | 105.61 | OK | |
r-devel-linux-x86_64-fedora-clang | 0.7 | 234.02 | NOTE | |||
r-devel-linux-x86_64-fedora-gcc | 0.7 | 239.00 | OK | |||
r-devel-windows-x86_64 | 0.7 | 9.00 | 130.00 | 139.00 | NOTE | |
r-patched-linux-x86_64 | 0.7 | 6.40 | 134.37 | 140.77 | OK | |
r-release-linux-x86_64 | 0.7 | 7.01 | 134.23 | 141.24 | OK | |
r-release-macos-arm64 | 0.7 | 65.00 | NOTE | |||
r-release-macos-x86_64 | 0.7 | 100.00 | NOTE | |||
r-release-windows-x86_64 | 0.7 | 11.00 | 129.00 | 140.00 | NOTE | |
r-oldrel-macos-arm64 | 0.7 | 73.00 | NOTE | |||
r-oldrel-macos-x86_64 | 0.7 | 145.00 | NOTE | |||
r-oldrel-windows-x86_64 | 0.7 | 11.00 | 160.00 | 171.00 | NOTE |
Version: 0.7
Check: installed package size
Result: NOTE
installed size is 8.5Mb
sub-directories of 1Mb or more:
doc 7.4Mb
Flavors: r-devel-linux-x86_64-fedora-clang, r-devel-windows-x86_64, r-release-macos-arm64, r-release-macos-x86_64, r-release-windows-x86_64, r-oldrel-macos-arm64, r-oldrel-macos-x86_64, r-oldrel-windows-x86_64