Last updated on 2024-08-16 12:49:12 CEST.
Flavor | Version | Tinstall | Tcheck | Ttotal | Status | Flags |
---|---|---|---|---|---|---|
r-devel-linux-x86_64-debian-clang | 0.2.79 | 45.01 | 240.81 | 285.82 | OK | |
r-devel-linux-x86_64-debian-gcc | 0.2.79 | 37.37 | 191.48 | 228.85 | OK | |
r-devel-linux-x86_64-fedora-clang | 0.2.79 | 479.53 | NOTE | |||
r-devel-linux-x86_64-fedora-gcc | 0.2.79 | 501.50 | NOTE | |||
r-devel-windows-x86_64 | 0.2.79 | 61.00 | 287.00 | 348.00 | OK | |
r-patched-linux-x86_64 | 0.2.79 | 49.65 | 235.91 | 285.56 | OK | |
r-release-linux-x86_64 | 0.2.79 | 50.03 | 239.75 | 289.78 | OK | |
r-release-macos-arm64 | 0.2.79 | 156.00 | NOTE | |||
r-release-macos-x86_64 | 0.2.79 | 233.00 | NOTE | |||
r-release-windows-x86_64 | 0.2.79 | 62.00 | 286.00 | 348.00 | OK | |
r-oldrel-macos-arm64 | 0.2.79 | 179.00 | NOTE | |||
r-oldrel-macos-x86_64 | 0.2.79 | 385.00 | NOTE | |||
r-oldrel-windows-x86_64 | 0.2.79 | 75.00 | 355.00 | 430.00 | OK |
Version: 0.2.79
Check: dependencies in R code
Result: NOTE
Namespace in Imports field not imported from: ‘softImpute’
All declared Imports should be used.
Flavors: r-devel-linux-x86_64-fedora-clang, r-devel-linux-x86_64-fedora-gcc
Version: 0.2.79
Check: installed package size
Result: NOTE
installed size is 8.3Mb
sub-directories of 1Mb or more:
libs 7.4Mb
Flavors: r-release-macos-arm64, r-release-macos-x86_64, r-oldrel-macos-arm64, r-oldrel-macos-x86_64