Last updated on 2024-06-14 00:53:48 CEST.
Flavor | Version | Tinstall | Tcheck | Ttotal | Status | Flags |
---|---|---|---|---|---|---|
r-devel-linux-x86_64-debian-clang | 0.1.1 | 2.28 | 33.29 | 35.57 | OK | |
r-devel-linux-x86_64-debian-gcc | 0.1.1 | 1.94 | 24.45 | 26.39 | ERROR | |
r-devel-linux-x86_64-fedora-clang | 0.1.1 | 47.20 | OK | |||
r-devel-linux-x86_64-fedora-gcc | 0.1.1 | 55.44 | OK | |||
r-devel-windows-x86_64 | 0.1.1 | 3.00 | 50.00 | 53.00 | OK | |
r-patched-linux-x86_64 | 0.1.1 | 2.28 | 32.23 | 34.51 | OK | |
r-release-linux-x86_64 | 0.1.1 | 2.13 | 32.21 | 34.34 | OK | |
r-release-macos-arm64 | 0.1.1 | 23.00 | OK | |||
r-release-macos-x86_64 | 0.1.1 | 36.00 | OK | |||
r-release-windows-x86_64 | 0.1.1 | 3.00 | 50.00 | 53.00 | OK | |
r-oldrel-macos-arm64 | 0.1.1 | 25.00 | OK | |||
r-oldrel-macos-x86_64 | 0.1.1 | 33.00 | NOTE | |||
r-oldrel-windows-x86_64 | 0.1.1 | 4.00 | 50.00 | 54.00 | OK |
Version: 0.1.1
Check: package dependencies
Result: NOTE
Packages suggested but not available for checking: 'roxygen2', 'testthat'
Flavor: r-devel-linux-x86_64-debian-gcc
Version: 0.1.1
Check: tests
Result: ERROR
Running ‘spelling.R’ [1s/1s]
Comparing ‘spelling.Rout’ to ‘spelling.Rout.save’ ... OK
Running ‘testthat.R’ [0s/0s]
Running the tests in ‘tests/testthat.R’ failed.
Complete output:
> library(testthat)
Error in library(testthat) : there is no package called 'testthat'
Execution halted
Flavor: r-devel-linux-x86_64-debian-gcc
Version: 0.1.1
Check: package dependencies
Result: NOTE
Package suggested but not available for checking: ‘MBSP’
Flavor: r-oldrel-macos-x86_64