Last updated on 2024-07-18 01:55:35 CEST.
Flavor | Version | Tinstall | Tcheck | Ttotal | Status | Flags |
---|---|---|---|---|---|---|
r-devel-linux-x86_64-debian-clang | 2.1.1 | 18.87 | 97.02 | 115.89 | NOTE | |
r-devel-linux-x86_64-debian-gcc | 2.1.1 | 12.33 | 68.59 | 80.92 | NOTE | |
r-devel-linux-x86_64-fedora-clang | 2.1.1 | 137.78 | OK | |||
r-devel-linux-x86_64-fedora-gcc | 2.1.1 | 130.77 | OK | |||
r-devel-windows-x86_64 | 2.1.1 | 15.00 | 85.00 | 100.00 | OK | |
r-patched-linux-x86_64 | 2.1.1 | 16.26 | 87.95 | 104.21 | NOTE | |
r-release-linux-x86_64 | 2.1.1 | 12.62 | 89.10 | 101.72 | NOTE | |
r-release-macos-arm64 | 2.1.1 | 36.00 | NOTE | |||
r-release-macos-x86_64 | 2.1.1 | 56.00 | NOTE | |||
r-release-windows-x86_64 | 2.1.1 | 16.00 | 86.00 | 102.00 | OK | |
r-oldrel-macos-arm64 | 2.1.1 | 37.00 | NOTE | |||
r-oldrel-macos-x86_64 | 2.1.1 | 57.00 | NOTE | |||
r-oldrel-windows-x86_64 | 2.1.1 | 18.00 | 97.00 | 115.00 | NOTE |
Version: 2.1.1
Check: package dependencies
Result: NOTE
Package suggested but not available for checking: ‘INLA’
Flavors: r-devel-linux-x86_64-debian-clang, r-devel-linux-x86_64-debian-gcc, r-patched-linux-x86_64, r-release-linux-x86_64, r-release-macos-arm64, r-release-macos-x86_64, r-oldrel-macos-arm64, r-oldrel-macos-x86_64, r-oldrel-windows-x86_64