Last updated on 2024-08-16 12:49:13 CEST.
Flavor | Version | Tinstall | Tcheck | Ttotal | Status | Flags |
---|---|---|---|---|---|---|
r-devel-linux-x86_64-debian-clang | 0.3 | 353.90 | 64.63 | 418.53 | OK | |
r-devel-linux-x86_64-debian-gcc | 0.3 | 254.97 | 48.03 | 303.00 | OK | |
r-devel-linux-x86_64-fedora-clang | 0.3 | 721.10 | OK | |||
r-devel-linux-x86_64-fedora-gcc | 0.3 | 865.60 | OK | |||
r-devel-windows-x86_64 | 0.3 | 339.00 | 110.00 | 449.00 | OK | |
r-patched-linux-x86_64 | 0.3 | 343.73 | 64.45 | 408.18 | OK | |
r-release-linux-x86_64 | 0.3 | 343.04 | 64.87 | 407.91 | OK | |
r-release-macos-arm64 | 0.3 | 138.00 | NOTE | |||
r-release-macos-x86_64 | 0.3 | 121.00 | NOTE | |||
r-release-windows-x86_64 | 0.3 | 341.00 | 110.00 | 451.00 | OK | |
r-oldrel-macos-arm64 | 0.3 | 186.00 | NOTE | |||
r-oldrel-macos-x86_64 | 0.3 | 190.00 | NOTE | |||
r-oldrel-windows-x86_64 | 0.3 | 417.00 | 135.00 | 552.00 | OK |
Version: 0.3
Check: installed package size
Result: NOTE
installed size is 20.4Mb
sub-directories of 1Mb or more:
libs 20.0Mb
Flavors: r-release-macos-arm64, r-release-macos-x86_64, r-oldrel-macos-arm64, r-oldrel-macos-x86_64