CRAN Package Check Results for Package mfaces

Last updated on 2025-07-08 13:49:13 CEST.

Flavor Version Tinstall Tcheck Ttotal Status Flags
r-devel-linux-x86_64-debian-clang 0.1-4 7.79 62.44 70.23 NOTE
r-devel-linux-x86_64-debian-gcc 0.1-4 5.60 46.24 51.84 NOTE
r-devel-linux-x86_64-fedora-clang 0.1-4 108.29 OK
r-devel-linux-x86_64-fedora-gcc 0.1-4 102.28 OK
r-devel-windows-x86_64 0.1-4 7.00 71.00 78.00 OK
r-patched-linux-x86_64 0.1-4 7.68 59.61 67.29 OK
r-release-linux-x86_64 0.1-4 8.61 60.30 68.91 OK
r-release-macos-arm64 0.1-4 36.00 OK
r-release-macos-x86_64 0.1-4 63.00 OK
r-release-windows-x86_64 0.1-4 8.00 71.00 79.00 OK
r-oldrel-macos-arm64 0.1-4 34.00 OK
r-oldrel-macos-x86_64 0.1-4 49.00 OK
r-oldrel-windows-x86_64 0.1-4 11.00 86.00 97.00 OK

Check Details

Version: 0.1-4
Check: CRAN incoming feasibility
Result: NOTE Maintainer: ‘Cai Li <cai.li.stats@gmail.com>’ No Authors@R field in DESCRIPTION. Please add one, modifying Authors@R: c(person(given = "Cai", family = "Li", role = c("aut", "cre"), email = "cai.li.stats@gmail.com"), person(given = "Luo", family = "Xiao", role = "aut")) as necessary. Flavors: r-devel-linux-x86_64-debian-clang, r-devel-linux-x86_64-debian-gcc