Last updated on 2024-08-16 12:49:13 CEST.
Flavor | Version | Tinstall | Tcheck | Ttotal | Status | Flags |
---|---|---|---|---|---|---|
r-devel-linux-x86_64-debian-clang | 1.6 | 6.94 | 825.91 | 832.85 | OK | |
r-devel-linux-x86_64-debian-gcc | 1.6 | 3.66 | 447.39 | 451.05 | OK | |
r-devel-linux-x86_64-fedora-clang | 1.6 | 1368.05 | NOTE | |||
r-devel-linux-x86_64-fedora-gcc | 1.6 | 1310.05 | NOTE | |||
r-devel-windows-x86_64 | 1.6 | 8.00 | 596.00 | 604.00 | OK | |
r-patched-linux-x86_64 | 1.6 | 7.02 | 765.87 | 772.89 | OK | |
r-release-linux-x86_64 | 1.6 | 6.23 | 778.78 | 785.01 | OK | |
r-release-macos-arm64 | 1.6 | 269.00 | OK | |||
r-release-macos-x86_64 | 1.6 | 559.00 | OK | |||
r-release-windows-x86_64 | 1.6 | 9.00 | 591.00 | 600.00 | OK | |
r-oldrel-macos-arm64 | 1.6 | 298.00 | OK | |||
r-oldrel-macos-x86_64 | 1.6 | 572.00 | OK | |||
r-oldrel-windows-x86_64 | 1.6 | 11.00 | 910.00 | 921.00 | OK |
Version: 1.6
Check: dependencies in R code
Result: NOTE
Namespace in Imports field not imported from: ‘testthat’
All declared Imports should be used.
Flavors: r-devel-linux-x86_64-fedora-clang, r-devel-linux-x86_64-fedora-gcc