Last updated on 2024-08-16 12:49:13 CEST.
Flavor | Version | Tinstall | Tcheck | Ttotal | Status | Flags |
---|---|---|---|---|---|---|
r-devel-linux-x86_64-debian-clang | 0.0.21 | 39.56 | 411.59 | 451.15 | OK | |
r-devel-linux-x86_64-debian-gcc | 0.0.21 | 30.17 | 286.93 | 317.10 | OK | |
r-devel-linux-x86_64-fedora-clang | 0.0.21 | 733.12 | OK | |||
r-devel-linux-x86_64-fedora-gcc | 0.0.21 | 697.93 | OK | |||
r-devel-windows-x86_64 | 0.0.21 | 40.00 | 353.00 | 393.00 | OK | |
r-patched-linux-x86_64 | 0.0.21 | 37.16 | 377.84 | 415.00 | OK | |
r-release-linux-x86_64 | 0.0.21 | 40.71 | 398.47 | 439.18 | OK | |
r-release-macos-arm64 | 0.0.21 | 117.00 | OK | |||
r-release-macos-x86_64 | 0.0.21 | 279.00 | OK | |||
r-release-windows-x86_64 | 0.0.21 | 40.00 | 353.00 | 393.00 | OK | |
r-oldrel-macos-arm64 | 0.0.21 | 130.00 | NOTE | |||
r-oldrel-macos-x86_64 | 0.0.21 | 232.00 | NOTE | |||
r-oldrel-windows-x86_64 | 0.0.21 | 59.00 | 485.00 | 544.00 | OK |
Version: 0.0.21
Check: package dependencies
Result: NOTE
Package suggested but not available for checking: ‘dada2’
Flavors: r-oldrel-macos-arm64, r-oldrel-macos-x86_64