Last updated on 2024-08-16 12:49:13 CEST.
Flavor | Version | Tinstall | Tcheck | Ttotal | Status | Flags |
---|---|---|---|---|---|---|
r-devel-linux-x86_64-debian-clang | 0.7 | 98.49 | 80.47 | 178.96 | OK | |
r-devel-linux-x86_64-debian-gcc | 0.7 | 72.05 | 61.39 | 133.44 | OK | |
r-devel-linux-x86_64-fedora-clang | 0.7 | 332.37 | OK | |||
r-devel-linux-x86_64-fedora-gcc | 0.7 | 371.57 | OK | |||
r-devel-windows-x86_64 | 0.7 | 106.00 | 106.00 | 212.00 | OK | |
r-patched-linux-x86_64 | 0.7 | 106.02 | 83.77 | 189.79 | OK | |
r-release-linux-x86_64 | 0.7 | 100.53 | 81.56 | 182.09 | OK | |
r-release-macos-arm64 | 0.7 | 120.00 | NOTE | |||
r-release-macos-x86_64 | 0.7 | 198.00 | NOTE | |||
r-release-windows-x86_64 | 0.7 | 110.00 | 105.00 | 215.00 | OK | |
r-oldrel-macos-arm64 | 0.7 | 127.00 | NOTE | |||
r-oldrel-macos-x86_64 | 0.7 | 234.00 | NOTE | |||
r-oldrel-windows-x86_64 | 0.7 | 126.00 | 135.00 | 261.00 | OK |
Version: 0.7
Check: installed package size
Result: NOTE
installed size is 14.9Mb
sub-directories of 1Mb or more:
libs 14.2Mb
Flavors: r-release-macos-arm64, r-release-macos-x86_64, r-oldrel-macos-arm64, r-oldrel-macos-x86_64