Last updated on 2024-07-18 01:55:36 CEST.
Flavor | Version | Tinstall | Tcheck | Ttotal | Status | Flags |
---|---|---|---|---|---|---|
r-devel-linux-x86_64-debian-clang | 0.3.5 | 12.33 | 93.11 | 105.44 | OK | |
r-devel-linux-x86_64-debian-gcc | 0.3.5 | 10.46 | 66.83 | 77.29 | OK | |
r-devel-linux-x86_64-fedora-clang | 0.3.5 | 138.65 | OK | |||
r-devel-linux-x86_64-fedora-gcc | 0.3.5 | 122.48 | OK | |||
r-devel-windows-x86_64 | 0.3.5 | 14.00 | 81.00 | 95.00 | NOTE | |
r-patched-linux-x86_64 | 0.3.5 | 16.28 | 87.20 | 103.48 | OK | |
r-release-linux-x86_64 | 0.3.5 | 13.20 | 86.79 | 99.99 | OK | |
r-release-macos-arm64 | 0.3.5 | 38.00 | OK | |||
r-release-macos-x86_64 | 0.3.5 | 53.00 | OK | |||
r-release-windows-x86_64 | 0.3.5 | 14.00 | 83.00 | 97.00 | OK | |
r-oldrel-macos-arm64 | 0.3.5 | 42.00 | OK | |||
r-oldrel-macos-x86_64 | 0.3.5 | 126.00 | OK | |||
r-oldrel-windows-x86_64 | 0.3.5 | 18.00 | 95.00 | 113.00 | OK |
Version: 0.3.5
Check: Rd cross-references
Result: NOTE
Found the following Rd file(s) with Rd \link{} targets missing package
anchors:
misclassGLM.Rd: ucminf
misclassMlogit.Rd: ucminf
Please provide package anchors for all Rd \link{} targets not in the
package itself and the base packages.
Flavor: r-devel-windows-x86_64