Last updated on 2024-07-18 01:55:36 CEST.
Flavor | Version | Tinstall | Tcheck | Ttotal | Status | Flags |
---|---|---|---|---|---|---|
r-devel-linux-x86_64-debian-clang | 1.5 | 2.75 | 45.31 | 48.06 | OK | |
r-devel-linux-x86_64-debian-gcc | 1.5 | 2.13 | 34.78 | 36.91 | OK | |
r-devel-linux-x86_64-fedora-clang | 1.5 | 61.18 | OK | |||
r-devel-linux-x86_64-fedora-gcc | 1.5 | 71.85 | OK | |||
r-devel-windows-x86_64 | 1.5 | 4.00 | 77.00 | 81.00 | NOTE | |
r-patched-linux-x86_64 | 1.5 | 5.47 | 43.01 | 48.48 | OK | |
r-release-linux-x86_64 | 1.5 | 2.82 | 43.79 | 46.61 | OK | |
r-release-macos-arm64 | 1.5 | 37.00 | OK | |||
r-release-macos-x86_64 | 1.5 | 52.00 | OK | |||
r-release-windows-x86_64 | 1.5 | 4.00 | 80.00 | 84.00 | OK | |
r-oldrel-macos-arm64 | 1.5 | 41.00 | OK | |||
r-oldrel-macos-x86_64 | 1.5 | 52.00 | OK | |||
r-oldrel-windows-x86_64 | 1.5 | 4.00 | 74.00 | 78.00 | OK |
Version: 1.5
Check: Rd cross-references
Result: NOTE
Found the following Rd file(s) with Rd \link{} targets missing package
anchors:
missForest.Rd: randomForest
Please provide package anchors for all Rd \link{} targets not in the
package itself and the base packages.
Flavor: r-devel-windows-x86_64