Last updated on 2024-08-16 12:49:13 CEST.
Flavor | Version | Tinstall | Tcheck | Ttotal | Status | Flags |
---|---|---|---|---|---|---|
r-devel-linux-x86_64-debian-clang | 0.6.0 | 28.31 | 473.49 | 501.80 | OK | |
r-devel-linux-x86_64-debian-gcc | 0.6.0 | 17.49 | 322.04 | 339.53 | OK | |
r-devel-linux-x86_64-fedora-clang | 0.6.0 | 805.03 | OK | |||
r-devel-linux-x86_64-fedora-gcc | 0.6.0 | 809.94 | OK | |||
r-devel-windows-x86_64 | 0.6.0 | 31.00 | 368.00 | 399.00 | OK | |
r-patched-linux-x86_64 | 0.6.0 | 41.80 | 455.24 | 497.04 | OK | |
r-release-linux-x86_64 | 0.6.0 | 29.41 | 470.93 | 500.34 | OK | |
r-release-macos-arm64 | 0.6.0 | 228.00 | OK | |||
r-release-macos-x86_64 | 0.6.0 | 530.00 | OK | |||
r-release-windows-x86_64 | 0.6.0 | 31.00 | 364.00 | 395.00 | OK | |
r-oldrel-macos-arm64 | 0.6.0 | 11.00 | ERROR | |||
r-oldrel-macos-x86_64 | 0.6.0 | 11.00 | ERROR | |||
r-oldrel-windows-x86_64 | 0.6.0 | 38.00 | 478.00 | 516.00 | OK |
Version: 0.6.0
Check: package dependencies
Result: ERROR
Package required and available but unsuitable version: ‘mlr3’
See section ‘The DESCRIPTION file’ in the ‘Writing R Extensions’
manual.
Flavors: r-oldrel-macos-arm64, r-oldrel-macos-x86_64