Last updated on 2024-08-16 12:49:13 CEST.
Flavor | Version | Tinstall | Tcheck | Ttotal | Status | Flags |
---|---|---|---|---|---|---|
r-devel-linux-x86_64-debian-clang | 2.3.1 | 16.44 | 249.87 | 266.31 | NOTE | |
r-devel-linux-x86_64-debian-gcc | 2.3.1 | 10.87 | 182.81 | 193.68 | NOTE | |
r-devel-linux-x86_64-fedora-clang | 2.3.1 | 440.01 | OK | |||
r-devel-linux-x86_64-fedora-gcc | 2.3.1 | 427.46 | OK | |||
r-devel-windows-x86_64 | 2.3.1 | 18.00 | 202.00 | 220.00 | NOTE | |
r-patched-linux-x86_64 | 2.3.1 | 22.16 | 255.39 | 277.55 | OK | |
r-release-linux-x86_64 | 2.3.1 | 17.67 | 261.16 | 278.83 | OK | |
r-release-macos-arm64 | 2.3.1 | 135.00 | OK | |||
r-release-macos-x86_64 | 2.3.1 | 177.00 | OK | |||
r-release-windows-x86_64 | 2.3.1 | 21.00 | 239.00 | 260.00 | OK | |
r-oldrel-macos-arm64 | 2.3.1 | 134.00 | OK | |||
r-oldrel-macos-x86_64 | 2.3.1 | 246.00 | OK | |||
r-oldrel-windows-x86_64 | 2.3.1 | 27.00 | 301.00 | 328.00 | OK |
Version: 2.3.1
Check: Rd cross-references
Result: NOTE
Found the following Rd file(s) with Rd \link{} targets missing package
anchors:
TaskClassifST.Rd: Task, TaskSupervised, DataBackend,
DataBackendDataTable, convert_task
TaskRegrST.Rd: Task, TaskSupervised, DataBackend,
DataBackendDataTable, convert_task
as_task_classif_st.Rd: DataBackend, TaskRegr, convert_task
as_task_regr_st.Rd: DataBackend, TaskClassif, convert_task
autoplot.ResamplingCV.Rd: ResamplingCV, ResamplingRepeatedCV
autoplot.ResamplingCustomCV.Rd: ResamplingCustomCV
autoplot.ResamplingSpCVBlock.Rd: ggplot
mlr_resamplings_repeated_spcv_block.Rd: Task
mlr_resamplings_repeated_spcv_coords.Rd: Task
mlr_resamplings_repeated_spcv_disc.Rd: Task
mlr_resamplings_repeated_spcv_env.Rd: Task
mlr_resamplings_repeated_spcv_knndm.Rd: Task
mlr_resamplings_repeated_spcv_tiles.Rd: Task
mlr_resamplings_repeated_sptcv_cstf.Rd: Task
mlr_resamplings_spcv_block.Rd: Task
mlr_resamplings_spcv_buffer.Rd: Task
mlr_resamplings_spcv_coords.Rd: Task
mlr_resamplings_spcv_disc.Rd: Task
mlr_resamplings_spcv_env.Rd: Task
mlr_resamplings_spcv_knndm.Rd: Task
mlr_resamplings_spcv_tiles.Rd: Task
mlr_resamplings_sptcv_cstf.Rd: Task
mlr_tasks_cookfarm_mlr3.Rd: TaskRegr, Task, mlr_tasks
mlr_tasks_diplodia.Rd: TaskClassif, Task, mlr_tasks
mlr_tasks_ecuador.Rd: TaskClassif, Task, mlr_tasks
Please provide package anchors for all Rd \link{} targets not in the
package itself and the base packages.
Flavors: r-devel-linux-x86_64-debian-clang, r-devel-linux-x86_64-debian-gcc, r-devel-windows-x86_64